{"id":19913,"date":"2024-10-21T10:29:48","date_gmt":"2024-10-21T15:29:48","guid":{"rendered":"https:\/\/compratucodigo.co\/?post_type=product&#038;p=19913"},"modified":"2025-12-04T15:52:45","modified_gmt":"2025-12-04T20:52:45","slug":"licencia-adobe-aero-por-1-ano","status":"publish","type":"product","link":"https:\/\/compratucodigo.co\/index.php\/producto\/licencia-adobe-aero-por-1-ano\/","title":{"rendered":"Licencia Adobe Aero por 3 meses"},"content":{"rendered":"<p><a href=\"https:\/\/compratucodigo.co\/index.php\/producto\/licencia-adobe-creative-cloud-por-1-ano\/\">Este producto ya no se vende por separado. Si desea adquirirlo, est\u00e1 inclu\u00eddo en Adobe Creative Cloud All Apps, haga clic aqu\u00ed para comprarlo<\/a><\/p>\n<p>Adobe Aero es una herramienta que permite a los usuarios crear experiencias de realidad aumentada (RA) sin necesidad de conocimientos avanzados en codificaci\u00f3n. Con Aero, puedes dise\u00f1ar y visualizar elementos gr\u00e1ficos interactivos en 3D, superponi\u00e9ndolos en el mundo real a trav\u00e9s de la c\u00e1mara de un dispositivo m\u00f3vil o en un entorno de escritorio. Es ideal para creadores que desean agregar RA a sus proyectos de marketing, dise\u00f1o, educaci\u00f3n o entretenimiento. Aero permite importar activos desde aplicaciones como Photoshop, Illustrator y Dimension, lo que facilita la creaci\u00f3n de experiencias inmersivas. Adem\u00e1s, permite compartir las experiencias de RA a trav\u00e9s de enlaces o c\u00f3digos QR para que otros puedan visualizarlas desde sus dispositivos m\u00f3viles.<\/p>\n<p>Este producto consta de una licencia que se vincula con su propia cuenta de usuario. Duraci\u00f3n de tres\u00a0meses, para un PC por licencia.<\/p>\n<p><strong>Compatibilidad:<\/strong><\/p>\n<p><strong>Requisitos de Adobe Aero:<\/strong><\/p>\n<p><strong>Sistema operativo:<\/strong><\/p>\n<ol>\n<li style=\"list-style-type: none;\">\n<ul>\n<li>iOS: Requiere iOS 13.2 o posterior. Compatible con iPhone y iPad.<\/li>\n<li>Windows: Windows 10 o posterior (solo versiones de 64 bits). Aero a\u00fan no est\u00e1 disponible para macOS.<\/li>\n<\/ul>\n<\/li>\n<\/ol>\n<p><strong>Procesador:<\/strong><\/p>\n<ol>\n<li style=\"list-style-type: none;\">\n<ul>\n<li>iOS: Requiere dispositivos con chip A11 o posterior para una mejor experiencia en realidad aumentada (RA).<\/li>\n<li>Windows: Procesador Intel o AMD multin\u00facleo con soporte para 64 bits.<\/li>\n<\/ul>\n<\/li>\n<\/ol>\n<p><strong>Memoria RAM:<\/strong><\/p>\n<ol>\n<li style=\"list-style-type: none;\">\n<ul>\n<li>iOS: Depende del dispositivo, pero funciona mejor en dispositivos m\u00e1s recientes.<\/li>\n<li>Windows: M\u00ednimo 8 GB.<\/li>\n<li>Recomendado: 16 GB o m\u00e1s para manejar proyectos complejos de realidad aumentada.<\/li>\n<\/ul>\n<\/li>\n<\/ol>\n<p><strong>Espacio en disco:<\/strong><\/p>\n<ol>\n<li style=\"list-style-type: none;\">\n<ul>\n<li>Windows: Al menos 2 GB de espacio disponible en el disco duro para la instalaci\u00f3n. Se recomienda SSD para un mejor rendimiento al manejar archivos de RA.<\/li>\n<\/ul>\n<\/li>\n<\/ol>\n<p><strong>Resoluci\u00f3n de pantalla:<\/strong><\/p>\n<ol>\n<li style=\"list-style-type: none;\">\n<ul>\n<li>Windows: Pantalla m\u00ednima de 1280 x 800. Se recomienda 1920 x 1080 (Full HD) o superior.<\/li>\n<\/ul>\n<\/li>\n<\/ol>\n<p><strong>GPU:<\/strong><\/p>\n<ol>\n<li style=\"list-style-type: none;\">\n<ul>\n<li>iOS: Procesadores gr\u00e1ficos m\u00e1s recientes para un mejor rendimiento en RA.<\/li>\n<li>Windows: Tarjeta gr\u00e1fica compatible con DirectX 12.<\/li>\n<\/ul>\n<\/li>\n<\/ol>\n<p><strong>Env\u00edo:<\/strong><\/p>\n<p>Tras su compra, enviaremos un enlace para que vincule su cuenta a la suscripci\u00f3n de Adobe Aero<\/p>\n<p><strong>Empresa<\/strong><\/p>\n<p>Compratucodigo es una marca de 3Clics Colombia SAS, somos una empresa formal registrada en Colombia con m\u00e1s de tres a\u00f1os de experiencia en la venta de c\u00f3digos de licencia digitales. Entregamos factura y todos nuestros productos est\u00e1n garantizados por nuestra empresa.<\/p>\n<div id=\"divtags\">\n<h1>licencia Adobe Aero<\/h1>\n<h1>comprar licencia Adobe Aero<\/h1>\n<h1>activar licencia Adobe Aero<\/h1>\n<h1>licencia Adobe Aero 3 meses<\/h1>\n<h1>precio licencia Adobe Aero<\/h1>\n<h1>Adobe Aero anual<\/h1>\n<h1>licencia Adobe Aero oferta<\/h1>\n<h1>licencia Adobe Aero descuento<\/h1>\n<h1>licencia Adobe Aero online<\/h1>\n<h1>renovar licencia Adobe Aero<\/h1>\n<h1>licencia Adobe Aero para estudiantes<\/h1>\n<h1>mejores precios licencia Adobe Aero<\/h1>\n<h1>licencia Adobe Aero comprar ahora<\/h1>\n<h1>activar Adobe Aero f\u00e1cilmente<\/h1>\n<h1>licencia Adobe Aero tutorial<\/h1>\n<h1>beneficios licencia Adobe Aero<\/h1>\n<\/div>\n","protected":false},"excerpt":{"rendered":"<p>-Licencia 3 meses para Adobe Aero<br \/>\n-Activaci\u00f3n con su propia cuenta de usuario<br \/>\n-Licencia \u201cBusiness\u201d apta para empresas<br \/>\n-Incluye acceso a todos los programas incluidos por el paquete.<br \/>\n-Para un dispositivo por licencia.<br \/>\n<span style=\"color: #ff0000;\"><b>Todos nuestros productos son originales y cuentan con garant\u00eda y soporte t\u00e9cnico.<\/b><\/span><br \/>\n<span style=\"color: #ff0000;\"><b>Entrega inmediata directo a tu correo electr\u00f3nico junto con manual de instalaci\u00f3n.<\/b><\/span><\/p>\n","protected":false},"featured_media":19865,"template":"","meta":{"_acf_changed":false},"product_brand":[],"product_cat":[1641],"product_tag":[],"class_list":{"0":"post-19913","1":"product","2":"type-product","3":"status-publish","4":"has-post-thumbnail","6":"product_cat-adobe","8":"first","9":"outofstock","10":"shipping-taxable","11":"product-type-simple"},"acf":[],"_links":{"self":[{"href":"https:\/\/compratucodigo.co\/index.php\/wp-json\/wp\/v2\/product\/19913","targetHints":{"allow":["GET"]}}],"collection":[{"href":"https:\/\/compratucodigo.co\/index.php\/wp-json\/wp\/v2\/product"}],"about":[{"href":"https:\/\/compratucodigo.co\/index.php\/wp-json\/wp\/v2\/types\/product"}],"wp:featuredmedia":[{"embeddable":true,"href":"https:\/\/compratucodigo.co\/index.php\/wp-json\/wp\/v2\/media\/19865"}],"wp:attachment":[{"href":"https:\/\/compratucodigo.co\/index.php\/wp-json\/wp\/v2\/media?parent=19913"}],"wp:term":[{"taxonomy":"product_brand","embeddable":true,"href":"https:\/\/compratucodigo.co\/index.php\/wp-json\/wp\/v2\/product_brand?post=19913"},{"taxonomy":"product_cat","embeddable":true,"href":"https:\/\/compratucodigo.co\/index.php\/wp-json\/wp\/v2\/product_cat?post=19913"},{"taxonomy":"product_tag","embeddable":true,"href":"https:\/\/compratucodigo.co\/index.php\/wp-json\/wp\/v2\/product_tag?post=19913"}],"curies":[{"name":"wp","href":"https:\/\/api.w.org\/{rel}","templated":true}]}}