{"id":19910,"date":"2024-10-21T10:14:54","date_gmt":"2024-10-21T15:14:54","guid":{"rendered":"https:\/\/compratucodigo.co\/?post_type=product&#038;p=19910"},"modified":"2025-12-04T17:27:58","modified_gmt":"2025-12-04T22:27:58","slug":"licencia-adobe-bridge-por-1-ano","status":"publish","type":"product","link":"https:\/\/compratucodigo.co\/index.php\/producto\/licencia-adobe-bridge-por-1-ano\/","title":{"rendered":"Licencia Adobe Bridge por 3 meses"},"content":{"rendered":"<p><a href=\"https:\/\/compratucodigo.co\/index.php\/producto\/licencia-adobe-creative-cloud-por-1-ano\/\">Este producto ya no se vende por separado. Si desea adquirirlo, est\u00e1 inclu\u00eddo en Adobe Creative Cloud All Apps, haga clic aqu\u00ed para comprarlo<\/a><\/p>\n<p>Adobe Bridge es una aplicaci\u00f3n de gesti\u00f3n de activos digitales que permite organizar, visualizar, clasificar, y administrar grandes colecciones de archivos multimedia. Es utilizada principalmente por fot\u00f3grafos, dise\u00f1adores, y creadores de contenido para gestionar y previsualizar im\u00e1genes, videos, documentos PDF, y otros archivos de medios de manera eficiente. Adobe Bridge ofrece herramientas para agregar y editar metadatos, aplicar palabras clave, organizar colecciones, y crear flujos de trabajo personalizados. Tambi\u00e9n facilita la integraci\u00f3n con otras aplicaciones de Adobe, como Photoshop e InDesign, permitiendo una gesti\u00f3n centralizada de todos los activos utilizados en proyectos creativos. Adem\u00e1s, Bridge permite realizar exportaciones masivas, convertir archivos de imagen y colaborar con bibliotecas de Creative Cloud. Es una herramienta esencial para mantener organizados y accesibles grandes vol\u00famenes de archivos multimedia.<\/p>\n<p>Este producto consta de una licencia que se vincula con su propia cuenta de usuario. Duraci\u00f3n de tres meses, para un PC por licencia.<\/p>\n<p><strong>Compatibilidad:<\/strong><\/p>\n<p><strong>Requisitos de Adobe Bridge:<\/strong><\/p>\n<p><strong>Sistema operativo:<\/strong><\/p>\n<ol>\n<li style=\"list-style-type: none;\">\n<ul>\n<li>Windows 10 o posterior (solo versiones de 64 bits).<\/li>\n<li>macOS 11 (Big Sur) o posterior.<\/li>\n<\/ul>\n<\/li>\n<\/ol>\n<p><strong>Procesador:<\/strong><\/p>\n<ol>\n<li style=\"list-style-type: none;\">\n<ul>\n<li>Procesador Intel o AMD multin\u00facleo compatible con 64 bits.<\/li>\n<\/ul>\n<\/li>\n<\/ol>\n<p><strong>Memoria RAM:<\/strong><\/p>\n<ol>\n<li style=\"list-style-type: none;\">\n<ul>\n<li>M\u00ednimo: 2 GB.<\/li>\n<li>Recomendado: 8 GB o m\u00e1s para un rendimiento m\u00e1s fluido con grandes bibliotecas de medios<strong>.<\/strong><\/li>\n<\/ul>\n<\/li>\n<\/ol>\n<p><strong>Espacio en disco:<\/strong><\/p>\n<ol>\n<li style=\"list-style-type: none;\">\n<ul>\n<li>M\u00ednimo: 2 GB de espacio disponible en el disco duro para la instalaci\u00f3n. Se recomienda SSD para mejorar el rendimiento al manejar grandes colecciones de archivos.<\/li>\n<\/ul>\n<\/li>\n<\/ol>\n<p><strong>Resoluci\u00f3n de pantalla:<\/strong><\/p>\n<ol>\n<li style=\"list-style-type: none;\">\n<ul>\n<li>M\u00ednimo: Pantalla de 1280 x 800.<\/li>\n<li>Recomendado: Pantalla de 1920 x 1080 (Full HD) o superior para visualizar archivos y metadatos con mayor claridad<strong>.<\/strong><\/li>\n<\/ul>\n<\/li>\n<\/ol>\n<p><strong>Env\u00edo:<\/strong><\/p>\n<p>Tras su compra, enviaremos un enlace para que vincule su cuenta a la suscripci\u00f3n de Adobe Bridge<\/p>\n<p><strong>Empresa<\/strong><\/p>\n<p>Compratucodigo es una marca de 3Clics Colombia SAS, somos una empresa formal registrada en Colombia con m\u00e1s de tres a\u00f1os de experiencia en la venta de c\u00f3digos de licencia digitales. Entregamos factura y todos nuestros productos est\u00e1n garantizados por nuestra empresa.<\/p>\n<div id=\"divtags\">\n<h1>licencia Adobe Bridge<\/h1>\n<h1>comprar licencia Adobe Bridge<\/h1>\n<h1>activar Adobe Bridge<\/h1>\n<h1>Adobe Bridge licencia anual<\/h1>\n<h1>precios licencia Adobe Bridge<\/h1>\n<h1>licencia Adobe Bridge en oferta<\/h1>\n<h1>comprar Adobe Bridge licencia 1 a\u00f1o<\/h1>\n<h1>activar licencia Adobe Bridge<\/h1>\n<h1>licencia Adobe Bridge descuento<\/h1>\n<h1>Adobe Bridge 1 a\u00f1o<\/h1>\n<h1>licencia Adobe Bridge barata<\/h1>\n<h1>renovar licencia Adobe Bridge<\/h1>\n<h1>ofertas licencia Adobe Bridge<\/h1>\n<h1>licencia para Adobe Bridge<\/h1>\n<h1>Adobe Bridge licencia por tres meses<\/h1>\n<h1>c\u00f3mo activar Adobe Bridge<\/h1>\n<h1>comprar Adobe Bridge online<\/h1>\n<\/div>\n","protected":false},"excerpt":{"rendered":"<p>-Licencia 3 meses para Adobe Bridge<br \/>\n-Activaci\u00f3n con su propia cuenta de usuario<br \/>\n-Licencia \u201cBusiness\u201d apta para empresas<br \/>\n-Incluye acceso a todos los programas incluidos por el paquete.<br \/>\n-Para un dispositivo por licencia.<br \/>\n<span style=\"color: #ff0000;\"><b>Todos nuestros productos son originales y cuentan con garant\u00eda y soporte t\u00e9cnico.<\/b><\/span><br \/>\n<span style=\"color: #ff0000;\"><b>Entrega inmediata directo a tu correo electr\u00f3nico junto con manual de instalaci\u00f3n.<\/b><\/span><\/p>\n","protected":false},"featured_media":19868,"template":"","meta":{"_acf_changed":false},"product_brand":[],"product_cat":[1641],"product_tag":[],"class_list":{"0":"post-19910","1":"product","2":"type-product","3":"status-publish","4":"has-post-thumbnail","6":"product_cat-adobe","8":"first","9":"outofstock","10":"shipping-taxable","11":"product-type-simple"},"acf":[],"_links":{"self":[{"href":"https:\/\/compratucodigo.co\/index.php\/wp-json\/wp\/v2\/product\/19910","targetHints":{"allow":["GET"]}}],"collection":[{"href":"https:\/\/compratucodigo.co\/index.php\/wp-json\/wp\/v2\/product"}],"about":[{"href":"https:\/\/compratucodigo.co\/index.php\/wp-json\/wp\/v2\/types\/product"}],"wp:featuredmedia":[{"embeddable":true,"href":"https:\/\/compratucodigo.co\/index.php\/wp-json\/wp\/v2\/media\/19868"}],"wp:attachment":[{"href":"https:\/\/compratucodigo.co\/index.php\/wp-json\/wp\/v2\/media?parent=19910"}],"wp:term":[{"taxonomy":"product_brand","embeddable":true,"href":"https:\/\/compratucodigo.co\/index.php\/wp-json\/wp\/v2\/product_brand?post=19910"},{"taxonomy":"product_cat","embeddable":true,"href":"https:\/\/compratucodigo.co\/index.php\/wp-json\/wp\/v2\/product_cat?post=19910"},{"taxonomy":"product_tag","embeddable":true,"href":"https:\/\/compratucodigo.co\/index.php\/wp-json\/wp\/v2\/product_tag?post=19910"}],"curies":[{"name":"wp","href":"https:\/\/api.w.org\/{rel}","templated":true}]}}