{"id":19904,"date":"2024-10-21T10:00:32","date_gmt":"2024-10-21T15:00:32","guid":{"rendered":"https:\/\/compratucodigo.co\/?post_type=product&#038;p=19904"},"modified":"2025-12-04T15:08:17","modified_gmt":"2025-12-04T20:08:17","slug":"licencia-adobe-incopy-por-1-ano","status":"publish","type":"product","link":"https:\/\/compratucodigo.co\/index.php\/producto\/licencia-adobe-incopy-por-1-ano\/","title":{"rendered":"Licencia Adobe InCopy por 3 meses"},"content":{"rendered":"<p><a href=\"https:\/\/compratucodigo.co\/index.php\/producto\/licencia-adobe-creative-cloud-por-1-ano\/\">Este producto ya no se vende por separado. Si desea adquirirlo, est\u00e1 inclu\u00eddo en Adobe Creative Cloud All Apps, haga clic aqu\u00ed para comprarlo<\/a><\/p>\n<p>Adobe InCopy es una herramienta profesional de escritura y edici\u00f3n de textos dise\u00f1ada para trabajar en conjunto con Adobe InDesign. Es utilizada principalmente por escritores, editores y equipos de publicaci\u00f3n para colaborar de manera eficiente en proyectos editoriales. InCopy permite a los editores trabajar en el contenido de un documento mientras los dise\u00f1adores ajustan su apariencia en InDesign, sin interferir en el dise\u00f1o. Ofrece tres modos de visualizaci\u00f3n: vista de texto, galera y dise\u00f1o, lo que facilita a los usuarios editar y ajustar el contenido sin afectar el formato final. InCopy incluye funciones avanzadas de edici\u00f3n de texto, control de versiones y seguimiento de cambios, lo que lo convierte en una herramienta ideal para grandes proyectos de publicaci\u00f3n, como libros, revistas y documentos extensos que requieren la colaboraci\u00f3n entre equipos de dise\u00f1o y redacci\u00f3n.<\/p>\n<p>Este producto consta de una licencia que se vincula con su propia cuenta de usuario. Duraci\u00f3n de tres meses, para un PC por licencia.<\/p>\n<p><strong>Compatibilidad:<\/strong><\/p>\n<p><strong>Requisitos de Adobe InCopy:<\/strong><\/p>\n<p><strong>Sistema operativo:<\/strong><\/p>\n<ol>\n<li style=\"list-style-type: none;\">\n<ul>\n<li>Windows 10 o posterior (solo versiones de 64 bits).<\/li>\n<li>macOS 11 (Big Sur) o posterior.<\/li>\n<\/ul>\n<\/li>\n<\/ol>\n<p><strong>Procesador:<\/strong><\/p>\n<ol>\n<li style=\"list-style-type: none;\">\n<ul>\n<li>M\u00ednimo: Procesador Intel o AMD con soporte para 64 bits.<\/li>\n<li>Recomendado: Procesador de 4 n\u00facleos o superior para un rendimiento \u00f3ptim<strong>o.<\/strong><\/li>\n<\/ul>\n<\/li>\n<\/ol>\n<p><strong>Memoria RAM:<\/strong><\/p>\n<ol>\n<li style=\"list-style-type: none;\">\n<ul>\n<li>M\u00ednimo: 4 GB.<\/li>\n<li>Recomendado: 8 GB o m\u00e1s para manejar documentos grandes o complejos.<\/li>\n<\/ul>\n<\/li>\n<\/ol>\n<p><strong>Espacio en disco:<\/strong><\/p>\n<ol>\n<li style=\"list-style-type: none;\">\n<ul>\n<li>Al menos 3.6 GB de espacio disponible en el disco duro para la instalaci\u00f3n. Se recomienda SSD para un mejor rendimiento.<\/li>\n<\/ul>\n<\/li>\n<\/ol>\n<p><strong>Resoluci\u00f3n de pantalla:<\/strong><\/p>\n<ol>\n<li style=\"list-style-type: none;\">\n<ul>\n<li>M\u00ednimo: Pantalla de 1024 x 768.<\/li>\n<li>Recomendado: Pantalla de 1920 x 1080 (Full HD) o superior.<\/li>\n<\/ul>\n<\/li>\n<\/ol>\n<p><strong>Env\u00edo:<\/strong><\/p>\n<p>Tras su compra, enviaremos un enlace para que vincule su cuenta a la suscripci\u00f3n de Adobe InCopy<\/p>\n<p><strong>Empresa<\/strong><\/p>\n<p>Compratucodigo es una marca de 3Clics Colombia SAS, somos una empresa formal registrada en Colombia con m\u00e1s de tres a\u00f1os de experiencia en la venta de c\u00f3digos de licencia digitales. Entregamos factura y todos nuestros productos est\u00e1n garantizados por nuestra empresa.<\/p>\n<div id=\"divtags\">\n<h1>Licencia Adobe InCopy<\/h1>\n<h1>Comprar licencia Adobe InCopy<\/h1>\n<h1>Activar licencia Adobe InCopy<\/h1>\n<h1>Licencia Adobe InCopy 3 meses<\/h1>\n<h1>Precio licencia Adobe InCopy<\/h1>\n<h1>Licencia anual Adobe InCopy<\/h1>\n<h1>Obt\u00e9n licencia Adobe InCopy<\/h1>\n<h1>Licencia Adobe InCopy online<\/h1>\n<h1>Licencia Adobe InCopy para estudiantes<\/h1>\n<h1>Beneficios de la licencia Adobe InCopy<\/h1>\n<h1>Licencia Adobe InCopy descuento<\/h1>\n<h1>Renovar licencia Adobe InCopy<\/h1>\n<h1>C\u00f3mo activar licencia Adobe InCopy<\/h1>\n<h1>Licencia Adobe InCopy tutorial<\/h1>\n<h1>Comparar licencia Adobe InCopy<\/h1>\n<h1>Gu\u00eda de licencia Adobe InCopy<\/h1>\n<h1>Comprar licencia Adobe InCopy segura<\/h1>\n<\/div>\n","protected":false},"excerpt":{"rendered":"<p>-Licencia por 3 meses para Adobe InCopy<br \/>\n-Activaci\u00f3n con su propia cuenta de usuario<br \/>\n-Licencia \u201cBusiness\u201d apta para empresas<br \/>\n-Incluye acceso a todos los programas incluidos por el paquete.<br \/>\n-Para un dispositivo por licencia.<br \/>\n<span style=\"color: #ff0000;\"><b>Todos nuestros productos son originales y cuentan con garant\u00eda y soporte t\u00e9cnico.<\/b><\/span><br \/>\n<span style=\"color: #ff0000;\"><b>Entrega inmediata directo a tu correo electr\u00f3nico junto con manual de instalaci\u00f3n.<\/b><\/span><\/p>\n","protected":false},"featured_media":19873,"template":"","meta":{"_acf_changed":false},"product_brand":[],"product_cat":[1641],"product_tag":[],"class_list":{"0":"post-19904","1":"product","2":"type-product","3":"status-publish","4":"has-post-thumbnail","6":"product_cat-adobe","8":"first","9":"outofstock","10":"shipping-taxable","11":"product-type-simple"},"acf":[],"_links":{"self":[{"href":"https:\/\/compratucodigo.co\/index.php\/wp-json\/wp\/v2\/product\/19904","targetHints":{"allow":["GET"]}}],"collection":[{"href":"https:\/\/compratucodigo.co\/index.php\/wp-json\/wp\/v2\/product"}],"about":[{"href":"https:\/\/compratucodigo.co\/index.php\/wp-json\/wp\/v2\/types\/product"}],"wp:featuredmedia":[{"embeddable":true,"href":"https:\/\/compratucodigo.co\/index.php\/wp-json\/wp\/v2\/media\/19873"}],"wp:attachment":[{"href":"https:\/\/compratucodigo.co\/index.php\/wp-json\/wp\/v2\/media?parent=19904"}],"wp:term":[{"taxonomy":"product_brand","embeddable":true,"href":"https:\/\/compratucodigo.co\/index.php\/wp-json\/wp\/v2\/product_brand?post=19904"},{"taxonomy":"product_cat","embeddable":true,"href":"https:\/\/compratucodigo.co\/index.php\/wp-json\/wp\/v2\/product_cat?post=19904"},{"taxonomy":"product_tag","embeddable":true,"href":"https:\/\/compratucodigo.co\/index.php\/wp-json\/wp\/v2\/product_tag?post=19904"}],"curies":[{"name":"wp","href":"https:\/\/api.w.org\/{rel}","templated":true}]}}