{"id":19901,"date":"2024-10-21T09:57:58","date_gmt":"2024-10-21T14:57:58","guid":{"rendered":"https:\/\/compratucodigo.co\/?post_type=product&#038;p=19901"},"modified":"2025-12-04T14:27:18","modified_gmt":"2025-12-04T19:27:18","slug":"licencia-adobe-dreamweaver-por-1-ano","status":"publish","type":"product","link":"https:\/\/compratucodigo.co\/index.php\/producto\/licencia-adobe-dreamweaver-por-1-ano\/","title":{"rendered":"Licencia Adobe Dreamweaver por 3 meses"},"content":{"rendered":"<p><a href=\"https:\/\/compratucodigo.co\/index.php\/producto\/licencia-adobe-creative-cloud-por-1-ano\/\">Este producto ya no se vende por separado. Si desea adquirirlo, est\u00e1 inclu\u00eddo en Adobe Creative Cloud All Apps, haga clic aqu\u00ed para comprarlo<\/a><\/p>\n<p>Adobe Dreamweaver es una aplicaci\u00f3n de dise\u00f1o y desarrollo web que permite a los usuarios crear, editar y gestionar sitios web y aplicaciones m\u00f3viles. Dreamweaver ofrece un entorno de trabajo visual que combina la edici\u00f3n de c\u00f3digo (HTML, CSS, JavaScript, PHP, etc.) con un dise\u00f1o en vivo que permite ver los cambios en tiempo real. Su potente editor de c\u00f3digo incluye funciones como autocompletado, resaltar sintaxis y sugerencias de c\u00f3digo, lo que facilita el trabajo tanto para principiantes como para desarrolladores avanzados. Adem\u00e1s, Dreamweaver se integra con herramientas modernas de desarrollo web, como Bootstrap, para crear sitios web responsivos que se adapten a diferentes dispositivos y tama\u00f1os de pantalla. Es una herramienta ideal para dise\u00f1adores y desarrolladores que desean crear sitios web interactivos y profesionales con un control total sobre el c\u00f3digo y el dise\u00f1o visual.<\/p>\n<p>Este producto consta de una licencia que se vincula con su propia cuenta de usuario. Duraci\u00f3n de tres meses, para un PC por licencia.<\/p>\n<p><strong>Compatibilidad:<\/strong><\/p>\n<p><strong>Requisitos de Adobe Dreamweaver:<\/strong><\/p>\n<p><strong>Sistema operativo:<\/strong><\/p>\n<ol>\n<li style=\"list-style-type: none;\">\n<ul>\n<li>Windows 10 o posterior (solo versiones de 64 bits).<\/li>\n<li>macOS 11 (Big Sur) o posterior.<\/li>\n<\/ul>\n<\/li>\n<\/ol>\n<p><strong>Procesador:<\/strong><\/p>\n<ol>\n<li style=\"list-style-type: none;\">\n<ul>\n<li>M\u00ednimo: Procesador Intel o AMD con soporte para 64 bits.<\/li>\n<li>Recomendado: Procesador de 4 n\u00facleos o superior para un mejor rendimiento en proyectos web grandes.<\/li>\n<\/ul>\n<\/li>\n<\/ol>\n<p><strong>Memoria RAM:<\/strong><\/p>\n<ol>\n<li style=\"list-style-type: none;\">\n<ul>\n<li>M\u00ednimo: 4 GB.<\/li>\n<li>Recomendado: 8 GB o m\u00e1s para trabajar con proyectos grandes y complejos.<\/li>\n<\/ul>\n<\/li>\n<\/ol>\n<p><strong>Espacio en disco:<\/strong><\/p>\n<ol>\n<li style=\"list-style-type: none;\">\n<ul>\n<li>Al menos 2 GB de espacio disponible en el disco duro para la instalaci\u00f3n. Se recomienda SSD para mejorar la velocidad y el rendimiento.<\/li>\n<\/ul>\n<\/li>\n<\/ol>\n<p><strong>Resoluci\u00f3n de pantalla:<\/strong><\/p>\n<ol>\n<li style=\"list-style-type: none;\">\n<ul>\n<li>M\u00ednimo: Pantalla de 1280 x 1024.<\/li>\n<li>Recomendado: Pantalla de 1920 x 1080 (Full HD) o superior para una mejor experiencia visual en el dise\u00f1o web.<\/li>\n<\/ul>\n<\/li>\n<\/ol>\n<p><strong>Env\u00edo:<\/strong><\/p>\n<p>Tras su compra, enviaremos un enlace para que vincule su cuenta a la suscripci\u00f3n de Adobe Dreamweaver<\/p>\n<p><strong>Empresa<\/strong><\/p>\n<p>Compratucodigo es una marca de 3Clics Colombia SAS, somos una empresa formal registrada en Colombia con m\u00e1s de tres a\u00f1os de experiencia en la venta de c\u00f3digos de licencia digitales. Entregamos factura y todos nuestros productos est\u00e1n garantizados por nuestra empresa.<\/p>\n<div id=\"divtags\">\n<h1>Licencia Adobe Dreamweaver<\/h1>\n<h1>Comprar licencia Dreamweaver 3 meses<\/h1>\n<h1>Activar licencia Adobe Dreamweaver<\/h1>\n<h1>Licencia anual Dreamweaver<\/h1>\n<h1>Adobe Dreamweaver licencia a buen precio<\/h1>\n<h1>Obtener licencia Dreamweaver 3 meses<\/h1>\n<h1>Licencia Dreamweaver para desarrolladores<\/h1>\n<h1>Comprar licencia de Dreamweaver online<\/h1>\n<h1>Activar Dreamweaver licencia anual<\/h1>\n<h1>Licencia Dreamweaver promociones<\/h1>\n<h1>Adobe Dreamweaver 3 meses precio<\/h1>\n<h1>Licencia Dreamweaver para estudiantes<\/h1>\n<h1>Renovar licencia Adobe Dreamweaver<\/h1>\n<h1>Descargar Dreamweaver licencia 3 meses<\/h1>\n<h1>Licencia Dreamweaver para empresas<\/h1>\n<h1>Licencia Dreamweaver 3 meses ofertas<\/h1>\n<\/div>\n","protected":false},"excerpt":{"rendered":"<p>-Licencia por 3 meses para Adobe Dreamweaver<br \/>\n-Activaci\u00f3n con su propia cuenta de usuario<br \/>\n-Licencia \u201cBusiness\u201d apta para empresas<br \/>\n-Incluye acceso a todos los programas incluidos por el paquete.<br \/>\n-Para un dispositivo por licencia.<br \/>\n<span style=\"color: #ff0000;\"><b>Todos nuestros productos son originales y cuentan con garant\u00eda y soporte t\u00e9cnico.<\/b><\/span><br \/>\n<span style=\"color: #ff0000;\"><b>Entrega inmediata directo a tu correo electr\u00f3nico junto con manual de instalaci\u00f3n.<\/b><\/span><\/p>\n","protected":false},"featured_media":19875,"template":"","meta":{"_acf_changed":false},"product_brand":[],"product_cat":[1641],"product_tag":[],"class_list":{"0":"post-19901","1":"product","2":"type-product","3":"status-publish","4":"has-post-thumbnail","6":"product_cat-adobe","8":"first","9":"outofstock","10":"shipping-taxable","11":"product-type-simple"},"acf":[],"_links":{"self":[{"href":"https:\/\/compratucodigo.co\/index.php\/wp-json\/wp\/v2\/product\/19901","targetHints":{"allow":["GET"]}}],"collection":[{"href":"https:\/\/compratucodigo.co\/index.php\/wp-json\/wp\/v2\/product"}],"about":[{"href":"https:\/\/compratucodigo.co\/index.php\/wp-json\/wp\/v2\/types\/product"}],"wp:featuredmedia":[{"embeddable":true,"href":"https:\/\/compratucodigo.co\/index.php\/wp-json\/wp\/v2\/media\/19875"}],"wp:attachment":[{"href":"https:\/\/compratucodigo.co\/index.php\/wp-json\/wp\/v2\/media?parent=19901"}],"wp:term":[{"taxonomy":"product_brand","embeddable":true,"href":"https:\/\/compratucodigo.co\/index.php\/wp-json\/wp\/v2\/product_brand?post=19901"},{"taxonomy":"product_cat","embeddable":true,"href":"https:\/\/compratucodigo.co\/index.php\/wp-json\/wp\/v2\/product_cat?post=19901"},{"taxonomy":"product_tag","embeddable":true,"href":"https:\/\/compratucodigo.co\/index.php\/wp-json\/wp\/v2\/product_tag?post=19901"}],"curies":[{"name":"wp","href":"https:\/\/api.w.org\/{rel}","templated":true}]}}