{"id":19897,"date":"2024-10-21T09:46:44","date_gmt":"2024-10-21T14:46:44","guid":{"rendered":"https:\/\/compratucodigo.co\/?post_type=product&#038;p=19897"},"modified":"2025-12-04T15:43:34","modified_gmt":"2025-12-04T20:43:34","slug":"licencia-adobe-lightroom-por-1-ano","status":"publish","type":"product","link":"https:\/\/compratucodigo.co\/index.php\/producto\/licencia-adobe-lightroom-por-1-ano\/","title":{"rendered":"Licencia Adobe LightRoom por 3 meses"},"content":{"rendered":"<p><a href=\"https:\/\/compratucodigo.co\/index.php\/producto\/licencia-adobe-creative-cloud-por-1-ano\/\">Este producto ya no se vende por separado. Si desea adquirirlo, est\u00e1 inclu\u00eddo en Adobe Creative Cloud All Apps, haga clic aqu\u00ed para comprarlo<\/a><\/p>\n<p>Adobe Lightroom es un software dise\u00f1ado espec\u00edficamente para fot\u00f3grafos que desean organizar, editar y mejorar sus im\u00e1genes con facilidad. Permite ajustar fotos en formato RAW o JPEG, aplicando modificaciones no destructivas como ajustes de exposici\u00f3n, balance de blancos, recorte, correcci\u00f3n de color y eliminaci\u00f3n de imperfecciones. Tambi\u00e9n ofrece herramientas para gestionar grandes bibliotecas de im\u00e1genes, facilitando su clasificaci\u00f3n y b\u00fasqueda. Adem\u00e1s, Lightroom sincroniza tus ediciones en todos los dispositivos mediante la nube, lo que lo hace ideal para fot\u00f3grafos que necesitan un flujo de trabajo \u00e1gil entre dispositivos. Es la opci\u00f3n preferida para aquellos que buscan procesar fotos r\u00e1pidamente, manteniendo una alta calidad y control sobre sus proyectos fotogr\u00e1ficos.<\/p>\n<p>Este producto consta de una licencia que se vincula con su propia cuenta de usuario. Duraci\u00f3n de tres meses, para un PC por licencia.<\/p>\n<p><strong>Compatibilidad:<\/strong><\/p>\n<p><strong>Requisitos de Adobe Lightroom:<\/strong><\/p>\n<p><strong>Sistema operativo:<\/strong><\/p>\n<ol>\n<li style=\"list-style-type: none;\">\n<ul>\n<li>Windows 10 o posterior (solo versiones de 64 bits).<\/li>\n<li>macOS 11 (Big Sur) o posterior.<\/li>\n<\/ul>\n<\/li>\n<\/ol>\n<p><strong>Procesador:<\/strong><\/p>\n<ol>\n<li style=\"list-style-type: none;\">\n<ul>\n<li>M\u00ednimo: Procesador Intel o AMD con soporte para 64 bits y SSE 4.2.<\/li>\n<li>Recomendado: Procesador de 4 n\u00facleos o superior.<\/li>\n<\/ul>\n<\/li>\n<\/ol>\n<p><strong>Memoria RAM:<\/strong><\/p>\n<ol>\n<li style=\"list-style-type: none;\">\n<ul>\n<li>M\u00ednimo: 8 GB.<\/li>\n<li>Recomendado: 16 GB o m\u00e1s para un mejor rendimiento.<\/li>\n<\/ul>\n<\/li>\n<\/ol>\n<p><strong>Espacio en disco:<\/strong><\/p>\n<ol>\n<li style=\"list-style-type: none;\">\n<ul>\n<li>Al menos 10 GB de espacio disponible en el disco duro para la instalaci\u00f3n. Se recomienda SSD para un rendimiento \u00f3ptimo.<\/li>\n<\/ul>\n<\/li>\n<\/ol>\n<p><strong>Resoluci\u00f3n de pantalla:<\/strong><\/p>\n<ol>\n<li style=\"list-style-type: none;\">\n<ul>\n<li>M\u00ednimo: 1280 x 800.<\/li>\n<li>Recomendado: Pantalla 1920 x 1080 para visualizar fotos en alta calidad.<\/li>\n<\/ul>\n<\/li>\n<\/ol>\n<p><strong>GPU:<\/strong><\/p>\n<ol>\n<li style=\"list-style-type: none;\">\n<ul>\n<li>M\u00ednimo: Compatible con DirectX 12 (Windows) o Metal (macOS) con 2 GB de VRAM.<\/li>\n<li>Recomendado: Tarjeta gr\u00e1fica con 4 GB de VRAM para un rendimiento \u00f3ptimo en monitores 4K y superiores.<\/li>\n<\/ul>\n<\/li>\n<\/ol>\n<p><strong>Env\u00edo:<\/strong><\/p>\n<p>Tras su compra, enviaremos un enlace para que vincule su cuenta a la suscripci\u00f3n de Adobe LightRoom<\/p>\n<p><strong>Empresa<\/strong><\/p>\n<p>Compratucodigo es una marca de 3Clics Colombia SAS, somos una empresa formal registrada en Colombia con m\u00e1s de tres a\u00f1os de experiencia en la venta de c\u00f3digos de licencia digitales. Entregamos factura y todos nuestros productos est\u00e1n garantizados por nuestra empresa.<\/p>\n<div id=\"divtags\">\n<h1>licencia Adobe LightRoom<\/h1>\n<h1>comprar licencia Adobe LightRoom<\/h1>\n<h1>activar licencia Adobe LightRoom<\/h1>\n<h1>Adobe LightRoom 3 meses<\/h1>\n<h1>licencia de Adobe LightRoom econ\u00f3mica<\/h1>\n<h1>mejor precio licencia Adobe LightRoom<\/h1>\n<h1>licencia Adobe LightRoom online<\/h1>\n<h1>licencia Adobe LightRoom para fot\u00f3grafos<\/h1>\n<h1>oferta licencia Adobe LightRoom<\/h1>\n<h1>Adobe LightRoom descuento licencia<\/h1>\n<h1>licencia anual Adobe LightRoom<\/h1>\n<h1>adquirir licencia Adobe LightRoom<\/h1>\n<h1>licencia Adobe LightRoom activaci\u00f3n r\u00e1pida<\/h1>\n<h1>comparar licencia Adobe LightRoom<\/h1>\n<h1>licencia Adobe LightRoom uso personal<\/h1>\n<h1>renovar licencia Adobe LightRoom<\/h1>\n<h1>licencia Adobe LightRoom tutorial<\/h1>\n<\/div>\n","protected":false},"excerpt":{"rendered":"<p>-Licencia 3 meses para Adobe LightRoom<br \/>\n-Activaci\u00f3n con su propia cuenta de usuario<br \/>\n-Licencia \u201cBusiness\u201d apta para empresas<br \/>\n-Incluye acceso a todos los programas incluidos por el paquete.<br \/>\n-Para un dispositivo por licencia.<br \/>\n<span style=\"color: #ff0000;\"><b>Todos nuestros productos son originales y cuentan con garant\u00eda y soporte t\u00e9cnico.<\/b><\/span><br \/>\n<span style=\"color: #ff0000;\"><b>Entrega inmediata directo a tu correo electr\u00f3nico junto con manual de instalaci\u00f3n.<\/b><\/span><\/p>\n","protected":false},"featured_media":19880,"template":"","meta":{"_acf_changed":false},"product_brand":[],"product_cat":[1641],"product_tag":[],"class_list":{"0":"post-19897","1":"product","2":"type-product","3":"status-publish","4":"has-post-thumbnail","6":"product_cat-adobe","8":"first","9":"outofstock","10":"shipping-taxable","11":"product-type-simple"},"acf":[],"_links":{"self":[{"href":"https:\/\/compratucodigo.co\/index.php\/wp-json\/wp\/v2\/product\/19897","targetHints":{"allow":["GET"]}}],"collection":[{"href":"https:\/\/compratucodigo.co\/index.php\/wp-json\/wp\/v2\/product"}],"about":[{"href":"https:\/\/compratucodigo.co\/index.php\/wp-json\/wp\/v2\/types\/product"}],"wp:featuredmedia":[{"embeddable":true,"href":"https:\/\/compratucodigo.co\/index.php\/wp-json\/wp\/v2\/media\/19880"}],"wp:attachment":[{"href":"https:\/\/compratucodigo.co\/index.php\/wp-json\/wp\/v2\/media?parent=19897"}],"wp:term":[{"taxonomy":"product_brand","embeddable":true,"href":"https:\/\/compratucodigo.co\/index.php\/wp-json\/wp\/v2\/product_brand?post=19897"},{"taxonomy":"product_cat","embeddable":true,"href":"https:\/\/compratucodigo.co\/index.php\/wp-json\/wp\/v2\/product_cat?post=19897"},{"taxonomy":"product_tag","embeddable":true,"href":"https:\/\/compratucodigo.co\/index.php\/wp-json\/wp\/v2\/product_tag?post=19897"}],"curies":[{"name":"wp","href":"https:\/\/api.w.org\/{rel}","templated":true}]}}