{"id":19894,"date":"2024-10-21T09:39:10","date_gmt":"2024-10-21T14:39:10","guid":{"rendered":"https:\/\/compratucodigo.co\/?post_type=product&#038;p=19894"},"modified":"2025-12-04T15:39:00","modified_gmt":"2025-12-04T20:39:00","slug":"licencia-adobe-firefly-por-1-ano","status":"publish","type":"product","link":"https:\/\/compratucodigo.co\/index.php\/producto\/licencia-adobe-firefly-por-1-ano\/","title":{"rendered":"Licencia Adobe Firefly por 3 meses"},"content":{"rendered":"<p><a href=\"https:\/\/compratucodigo.co\/index.php\/producto\/licencia-adobe-creative-cloud-por-1-ano\/\">Este producto ya no se vende por separado. Si desea adquirirlo, est\u00e1 inclu\u00eddo en Adobe Creative Cloud All Apps, haga clic aqu\u00ed para comprarlo<\/a><\/p>\n<p>Adobe Firefly es una plataforma de generaci\u00f3n creativa impulsada por inteligencia artificial (IA), dise\u00f1ada para permitir a los usuarios crear y editar im\u00e1genes, efectos de texto, ilustraciones y otros contenidos visuales mediante comandos de texto o herramientas simples. Firefly est\u00e1 enfocada en democratizar el acceso a la creaci\u00f3n de contenido visual, haciendo que la IA sea accesible a dise\u00f1adores y creadores de todos los niveles. Puedes generar im\u00e1genes de alta calidad, a\u00f1adir efectos creativos, y personalizar contenido gr\u00e1fico sin necesidad de ser un experto en dise\u00f1o o en herramientas avanzadas de Adobe. La plataforma permite a los usuarios experimentar con gr\u00e1ficos generativos y editar su contenido de manera interactiva dentro de los navegadores, con resultados que pueden integrarse en otras herramientas de Adobe, como Photoshop e Illustrator.<\/p>\n<p>Este producto consta de una licencia que se vincula con su propia cuenta de usuario. Duraci\u00f3n de tres meses, para un PC por licencia.<\/p>\n<p><strong>Compatibilidad:<\/strong><\/p>\n<p><strong>Requisitos de Adobe Firefly:<\/strong><\/p>\n<p><strong>Sistema operativo:<\/strong><\/p>\n<ol>\n<li style=\"list-style-type: none;\">\n<ul>\n<li>Adobe Firefly es una aplicaci\u00f3n basada en la web, por lo que no requiere instalaci\u00f3n de software en el sistema operativo local. Solo necesita un navegador compatible.<\/li>\n<\/ul>\n<\/li>\n<\/ol>\n<p><strong>Procesador:<\/strong><\/p>\n<ol>\n<li style=\"list-style-type: none;\">\n<ul>\n<li>No se requiere un procesador espec\u00edfico ya que todo el procesamiento se realiza en la nube.<\/li>\n<\/ul>\n<\/li>\n<\/ol>\n<p><strong>Memoria RAM:<\/strong><\/p>\n<ol>\n<li style=\"list-style-type: none;\">\n<ul>\n<li>M\u00ednimo: 4 GB (suficiente para un uso est\u00e1ndar del navegador).<\/li>\n<li>Recomendado: 8 GB o m\u00e1s para manejar m\u00faltiples pesta\u00f1as y otros recursos en paralelo.<\/li>\n<\/ul>\n<\/li>\n<\/ol>\n<p><strong>Espacio en disco:<\/strong><\/p>\n<ol>\n<li style=\"list-style-type: none;\">\n<ul>\n<li>No requiere espacio en disco para la instalaci\u00f3n de software, pero se recomienda suficiente espacio en disco para almacenar los resultados generados si se descargan.<\/li>\n<\/ul>\n<\/li>\n<\/ol>\n<p><strong>Resoluci\u00f3n de pantalla:<\/strong><\/p>\n<ol>\n<li style=\"list-style-type: none;\">\n<ul>\n<li>M\u00ednimo: 1280 x 720.<\/li>\n<li>Recomendado: Pantalla 1920 x 1080 o superior para visualizar detalles de las im\u00e1genes generadas.<\/li>\n<\/ul>\n<\/li>\n<\/ol>\n<p><strong>Conexi\u00f3n a Internet:<\/strong><\/p>\n<ol>\n<li style=\"list-style-type: none;\">\n<ul>\n<li>Se requiere una conexi\u00f3n a Internet estable y r\u00e1pida, ya que Adobe Firefly se ejecuta completamente en la nube.<\/li>\n<\/ul>\n<\/li>\n<\/ol>\n<p><strong>Env\u00edo:<\/strong><\/p>\n<p>Tras su compra, enviaremos un enlace para que vincule su cuenta a la suscripci\u00f3n de Adobe Firefly<\/p>\n<p><strong>Empresa<\/strong><\/p>\n<p>Compratucodigo es una marca de 3Clics Colombia SAS, somos una empresa formal registrada en Colombia con m\u00e1s de tres a\u00f1os de experiencia en la venta de c\u00f3digos de licencia digitales. Entregamos factura y todos nuestros productos est\u00e1n garantizados por nuestra empresa.<\/p>\n<div id=\"divtags\">\n<h1>licencia Adobe Firefly 3 meses<\/h1>\n<h1>comprar licencia Adobe Firefly<\/h1>\n<h1>activar Adobe Firefly<\/h1>\n<h1>Adobe Firefly suscripci\u00f3n anual<\/h1>\n<h1>licencia anual Adobe Firefly<\/h1>\n<h1>comprar Adobe Firefly online<\/h1>\n<h1>activar licencia Adobe Firefly<\/h1>\n<h1>oferta licencia Adobe Firefly<\/h1>\n<h1>licencia Adobe Firefly para empresas<\/h1>\n<h1>adquirir Adobe Firefly 3 meses<\/h1>\n<h1>Adobe Firefly licencia digital<\/h1>\n<h1>c\u00f3digo de activaci\u00f3n Adobe Firefly<\/h1>\n<h1>licencia de software Adobe Firefly<\/h1>\n<h1>precios licencia Adobe Firefly<\/h1>\n<h1>renovar licencia Adobe Firefly<\/h1>\n<h1>ventajas de licencia Adobe Firefly<\/h1>\n<\/div>\n","protected":false},"excerpt":{"rendered":"<p>-Licencia por 3 meses para Adobe Firefly<br \/>\n-Activaci\u00f3n con su propia cuenta de usuario<br \/>\n-Licencia \u201cBusiness\u201d apta para empresas<br \/>\n-Incluye acceso a todos los programas incluidos por el paquete.<br \/>\n-Para un dispositivo por licencia.<br \/>\n<span style=\"color: #ff0000;\"><b>Todos nuestros productos son originales y cuentan con garant\u00eda y soporte t\u00e9cnico.<\/b><\/span><br \/>\n<span style=\"color: #ff0000;\"><b>Entrega inmediata directo a tu correo electr\u00f3nico junto con manual de instalaci\u00f3n.<\/b><\/span><\/p>\n","protected":false},"featured_media":19882,"template":"","meta":{"_acf_changed":false},"product_brand":[],"product_cat":[1641],"product_tag":[],"class_list":{"0":"post-19894","1":"product","2":"type-product","3":"status-publish","4":"has-post-thumbnail","6":"product_cat-adobe","8":"first","9":"outofstock","10":"shipping-taxable","11":"product-type-simple"},"acf":[],"_links":{"self":[{"href":"https:\/\/compratucodigo.co\/index.php\/wp-json\/wp\/v2\/product\/19894","targetHints":{"allow":["GET"]}}],"collection":[{"href":"https:\/\/compratucodigo.co\/index.php\/wp-json\/wp\/v2\/product"}],"about":[{"href":"https:\/\/compratucodigo.co\/index.php\/wp-json\/wp\/v2\/types\/product"}],"wp:featuredmedia":[{"embeddable":true,"href":"https:\/\/compratucodigo.co\/index.php\/wp-json\/wp\/v2\/media\/19882"}],"wp:attachment":[{"href":"https:\/\/compratucodigo.co\/index.php\/wp-json\/wp\/v2\/media?parent=19894"}],"wp:term":[{"taxonomy":"product_brand","embeddable":true,"href":"https:\/\/compratucodigo.co\/index.php\/wp-json\/wp\/v2\/product_brand?post=19894"},{"taxonomy":"product_cat","embeddable":true,"href":"https:\/\/compratucodigo.co\/index.php\/wp-json\/wp\/v2\/product_cat?post=19894"},{"taxonomy":"product_tag","embeddable":true,"href":"https:\/\/compratucodigo.co\/index.php\/wp-json\/wp\/v2\/product_tag?post=19894"}],"curies":[{"name":"wp","href":"https:\/\/api.w.org\/{rel}","templated":true}]}}