{"id":19893,"date":"2024-10-21T09:36:05","date_gmt":"2024-10-21T14:36:05","guid":{"rendered":"https:\/\/compratucodigo.co\/?post_type=product&#038;p=19893"},"modified":"2025-12-04T15:36:46","modified_gmt":"2025-12-04T20:36:46","slug":"licencia-adobe-express-por-1-ano","status":"publish","type":"product","link":"https:\/\/compratucodigo.co\/index.php\/producto\/licencia-adobe-express-por-1-ano\/","title":{"rendered":"Licencia Adobe Express por 3 meses"},"content":{"rendered":"<p><a href=\"https:\/\/compratucodigo.co\/index.php\/producto\/licencia-adobe-creative-cloud-por-1-ano\/\">Este producto ya no se vende por separado. Si desea adquirirlo, est\u00e1 inclu\u00eddo en Adobe Creative Cloud All Apps, haga clic aqu\u00ed para comprarlo<\/a><\/p>\n<p>Adobe Express (anteriormente conocido como Adobe Spark) es una plataforma basada en la web y una aplicaci\u00f3n m\u00f3vil dise\u00f1ada para la creaci\u00f3n r\u00e1pida y sencilla de gr\u00e1ficos, v\u00eddeos cortos y p\u00e1ginas web sin necesidad de conocimientos avanzados en dise\u00f1o. Ofrece plantillas predefinidas que permiten a los usuarios crear contenido atractivo para redes sociales, presentaciones, carteles, banners y m\u00e1s. Adobe Express es ideal para peque\u00f1as empresas, creadores de contenido, estudiantes y profesionales del marketing que necesitan generar material visual de alta calidad en poco tiempo. Adem\u00e1s, se integra con la suite de Adobe, permitiendo a los usuarios sincronizar proyectos entre aplicaciones como Photoshop e Illustrator para flujos de trabajo m\u00e1s avanzados.<\/p>\n<p>Este producto consta de una licencia que se vincula con su propia cuenta de usuario. Duraci\u00f3n de tres meses, para un PC por licencia.<\/p>\n<p><strong>Compatibilidad:<\/strong><\/p>\n<p><strong>Requisitos de Adobe Express:<\/strong><\/p>\n<p><strong>Sistema operativo (para la versi\u00f3n de escritorio):<\/strong><\/p>\n<ol>\n<li style=\"list-style-type: none;\">\n<ul>\n<li>Windows 10 o posterior (solo versiones de 64 bits).<\/li>\n<li>macOS 11 (Big Sur) o posterior.<\/li>\n<\/ul>\n<\/li>\n<\/ol>\n<p><strong>Procesador:<\/strong><\/p>\n<ol>\n<li style=\"list-style-type: none;\">\n<ul>\n<li>M\u00ednimo: Procesador Intel o AMD compatible con 64 bits.<\/li>\n<\/ul>\n<\/li>\n<\/ol>\n<p><strong>Memoria RAM:<\/strong><\/p>\n<ol>\n<li style=\"list-style-type: none;\">\n<ul>\n<li>M\u00ednimo: 4 GB.<\/li>\n<li>Recomendado: 8 GB para un rendimiento m\u00e1s fluido.<\/li>\n<\/ul>\n<\/li>\n<\/ol>\n<p><strong>Espacio en disco:<\/strong><\/p>\n<ol>\n<li style=\"list-style-type: none;\">\n<ul>\n<li>Depende de las necesidades de almacenamiento en la nube y los proyectos que se trabajen, ya que la mayor\u00eda de los proyectos y recursos se guardan en la nube.<\/li>\n<\/ul>\n<\/li>\n<\/ol>\n<p><strong>Resoluci\u00f3n de pantalla:<\/strong><\/p>\n<ol>\n<li style=\"list-style-type: none;\">\n<ul>\n<li>M\u00ednimo: 1280 x 800.<\/li>\n<li>Recomendado: Pantalla 1920 x 1080 para una experiencia \u00f3ptima.<\/li>\n<\/ul>\n<\/li>\n<\/ol>\n<p><strong>Env\u00edo:<\/strong><\/p>\n<p>Tras su compra, enviaremos un enlace para que vincule su cuenta a la suscripci\u00f3n de Adobe Express<\/p>\n<p><strong>Empresa<\/strong><\/p>\n<p>Compratucodigo es una marca de 3Clics Colombia SAS, somos una empresa formal registrada en Colombia con m\u00e1s de tres a\u00f1os de experiencia en la venta de c\u00f3digos de licencia digitales. Entregamos factura y todos nuestros productos est\u00e1n garantizados por nuestra empresa.<\/p>\n<div id=\"divtags\">\n<h1>Licencia Adobe Express<\/h1>\n<h1>Comprar licencia Adobe Express<\/h1>\n<h1>Activar Adobe Express<\/h1>\n<h1>Licencia Adobe Express 3 meses<\/h1>\n<h1>Descargar Adobe Express<\/h1>\n<h1>Ofertas Adobe Express<\/h1>\n<h1>Licencia anual Adobe Express<\/h1>\n<h1>Adobe Express para empresas<\/h1>\n<h1>Beneficios de Adobe Express<\/h1>\n<h1>Precios de Adobe Express<\/h1>\n<h1>C\u00f3mo activar Adobe Express<\/h1>\n<h1>Licencia Adobe Express online<\/h1>\n<h1>Comprar Adobe Express barato<\/h1>\n<h1>Plan anual Adobe Express<\/h1>\n<h1>Licencia digital Adobe Express<\/h1>\n<h1>Comparativa de licencias Adobe Express<\/h1>\n<h1>Renovar licencia Adobe Express<\/h1>\n<\/div>\n","protected":false},"excerpt":{"rendered":"<p>-Licencia por 3 meses para Adobe Express<br \/>\n-Activaci\u00f3n con su propia cuenta de usuario<br \/>\n-Licencia \u201cBusiness\u201d apta para empresas<br \/>\n-Incluye acceso a todos los programas incluidos por el paquete.<br \/>\n-Para un dispositivo por licencia.<br \/>\n<span style=\"color: #ff0000;\"><b>Todos nuestros productos son originales y cuentan con garant\u00eda y soporte t\u00e9cnico.<\/b><\/span><br \/>\n<span style=\"color: #ff0000;\"><b>Entrega inmediata directo a tu correo electr\u00f3nico junto con manual de instalaci\u00f3n.<\/b><\/span><\/p>\n","protected":false},"featured_media":19883,"template":"","meta":{"_acf_changed":false},"product_brand":[],"product_cat":[1641],"product_tag":[],"class_list":{"0":"post-19893","1":"product","2":"type-product","3":"status-publish","4":"has-post-thumbnail","6":"product_cat-adobe","8":"first","9":"outofstock","10":"shipping-taxable","11":"product-type-simple"},"acf":[],"_links":{"self":[{"href":"https:\/\/compratucodigo.co\/index.php\/wp-json\/wp\/v2\/product\/19893","targetHints":{"allow":["GET"]}}],"collection":[{"href":"https:\/\/compratucodigo.co\/index.php\/wp-json\/wp\/v2\/product"}],"about":[{"href":"https:\/\/compratucodigo.co\/index.php\/wp-json\/wp\/v2\/types\/product"}],"wp:featuredmedia":[{"embeddable":true,"href":"https:\/\/compratucodigo.co\/index.php\/wp-json\/wp\/v2\/media\/19883"}],"wp:attachment":[{"href":"https:\/\/compratucodigo.co\/index.php\/wp-json\/wp\/v2\/media?parent=19893"}],"wp:term":[{"taxonomy":"product_brand","embeddable":true,"href":"https:\/\/compratucodigo.co\/index.php\/wp-json\/wp\/v2\/product_brand?post=19893"},{"taxonomy":"product_cat","embeddable":true,"href":"https:\/\/compratucodigo.co\/index.php\/wp-json\/wp\/v2\/product_cat?post=19893"},{"taxonomy":"product_tag","embeddable":true,"href":"https:\/\/compratucodigo.co\/index.php\/wp-json\/wp\/v2\/product_tag?post=19893"}],"curies":[{"name":"wp","href":"https:\/\/api.w.org\/{rel}","templated":true}]}}