{"id":19890,"date":"2024-10-21T09:22:13","date_gmt":"2024-10-21T14:22:13","guid":{"rendered":"https:\/\/compratucodigo.co\/?post_type=product&#038;p=19890"},"modified":"2025-12-04T15:37:25","modified_gmt":"2025-12-04T20:37:25","slug":"licencia-adobe-llustrator-por-1-ano","status":"publish","type":"product","link":"https:\/\/compratucodigo.co\/index.php\/producto\/licencia-adobe-llustrator-por-1-ano\/","title":{"rendered":"Licencia Adobe llustrator por 3 meses"},"content":{"rendered":"<p><a href=\"https:\/\/compratucodigo.co\/index.php\/producto\/licencia-adobe-creative-cloud-por-1-ano\/\">Este producto ya no se vende por separado. Si desea adquirirlo, est\u00e1 inclu\u00eddo en Adobe Creative Cloud All Apps, haga clic aqu\u00ed para comprarlo<\/a><\/p>\n<p>Adobe Illustrator es un software de dise\u00f1o vectorial profesional ampliamente utilizado para crear gr\u00e1ficos escalables, como logotipos, ilustraciones, tipograf\u00edas personalizadas, y elementos gr\u00e1ficos para medios impresos y digitales. Su enfoque en gr\u00e1ficos vectoriales permite que las im\u00e1genes se puedan escalar sin p\u00e9rdida de calidad. Illustrator es esencial en industrias de dise\u00f1o gr\u00e1fico, publicidad, creaci\u00f3n de interfaces y animaciones. Adem\u00e1s, se integra perfectamente con otras aplicaciones de Adobe, como Photoshop e InDesign, facilitando flujos de trabajo complejos.<\/p>\n<p>Este producto consta de una licencia que se vincula con su propia cuenta de usuario. Duraci\u00f3n de tres meses, para un PC por licencia.<\/p>\n<p><strong>Compatibilidad:<\/strong><\/p>\n<p><strong>Requisitos de Adobe Illustrator:<\/strong><\/p>\n<p><strong>Sistema operativo:<\/strong><\/p>\n<ul>\n<li>Windows 10 o posterior (solo versiones de 64 bits).<\/li>\n<li>macOS 11 (Big Sur) o posterior.<\/li>\n<\/ul>\n<p><strong>Procesador:<\/strong><\/p>\n<ul>\n<li>M\u00ednimo: Procesador multin\u00facleo Intel, AMD o Apple Silicon (M1) compatible con 64 bits.<\/li>\n<li>Recomendado: Procesador de 4 n\u00facleos o superior.<\/li>\n<\/ul>\n<p><strong>Memoria RAM:<\/strong><\/p>\n<ul>\n<li>M\u00ednimo: 8 GB.<\/li>\n<li>Recomendado: 16 GB o m\u00e1s.<\/li>\n<\/ul>\n<p><strong>Espacio en disco:<\/strong><\/p>\n<ul>\n<li>Al menos 8 GB de espacio disponible en el disco duro para la instalaci\u00f3n. Se recomienda SSD para un rendimiento \u00f3ptimo.<\/li>\n<\/ul>\n<p><strong>Resoluci\u00f3n de pantalla:<\/strong><\/p>\n<ul>\n<li>M\u00ednimo: 1280 x 800.<\/li>\n<li>Recomendado: Pantalla 1920 x 1080 (Full HD) o superior.<\/li>\n<\/ul>\n<p><strong>GPU:<\/strong><\/p>\n<ul>\n<li>M\u00ednimo: Tarjeta gr\u00e1fica compatible con DirectX 12 (Windows) o Metal (macOS).<\/li>\n<li>Recomendado: 4 GB de VRAM (tarjeta gr\u00e1fica dedicada).<\/li>\n<\/ul>\n<p><strong>Conexi\u00f3n a Internet:<\/strong><\/p>\n<ul>\n<li>Es necesaria para la activaci\u00f3n del software y actualizaciones peri\u00f3dicas.<\/li>\n<\/ul>\n<p><strong>Env\u00edo:<\/strong><\/p>\n<p>Tras su compra, enviaremos un enlace para que vincule su cuenta a la suscripci\u00f3n de Adobe Ilustrator<\/p>\n<p><strong>Empresa<\/strong><\/p>\n<p>Compratucodigo es una marca de 3Clics Colombia SAS, somos una empresa formal registrada en Colombia con m\u00e1s de tres a\u00f1os de experiencia en la venta de c\u00f3digos de licencia digitales. Entregamos factura y todos nuestros productos est\u00e1n garantizados por nuestra empresa.<\/p>\n<div id=\"divtags\">\n<h1>licencia Adobe Illustrator<\/h1>\n<h1>comprar licencia Adobe Illustrator<\/h1>\n<h1>activar licencia Adobe Illustrator<\/h1>\n<h1>licencia Adobe Illustrator por 1 a\u00f1o<\/h1>\n<h1>mejor precio licencia Adobe Illustrator<\/h1>\n<h1>licencia Adobe Illustrator online<\/h1>\n<h1>adquirir licencia Adobe Illustrator<\/h1>\n<h1>descuento licencia Adobe Illustrator<\/h1>\n<h1>renovar licencia Adobe Illustrator<\/h1>\n<h1>licencia de software Adobe Illustrator<\/h1>\n<h1>oferta licencia Adobe Illustrator<\/h1>\n<h1>licencia Adobe Illustrator anual<\/h1>\n<h1>licencia Adobe Illustrator legal<\/h1>\n<h1>activar Adobe Illustrator<\/h1>\n<h1>comprar Adobe Illustrator barato<\/h1>\n<h1>licencia Adobe Illustrator para estudiantes<\/h1>\n<h1>licencia Adobe Illustrator para empresas<\/h1>\n<\/div>\n","protected":false},"excerpt":{"rendered":"<p>-Licencia 3 meses para Adobe Ilustrator<br \/>\n-Activaci\u00f3n con su propia cuenta de usuario<br \/>\n-Licencia \u201cBusiness\u201d apta para empresas<br \/>\n-Incluye acceso a todos los programas incluidos por el paquete.<br \/>\n-Para un dispositivo por licencia.<br \/>\n<span style=\"color: #ff0000;\"><b>Todos nuestros productos son originales y cuentan con garant\u00eda y soporte t\u00e9cnico.<\/b><\/span><br \/>\n<span style=\"color: #ff0000;\"><b>Entrega inmediata directo a tu correo electr\u00f3nico junto con manual de instalaci\u00f3n.<\/b><\/span><\/p>\n","protected":false},"featured_media":19886,"template":"","meta":{"_acf_changed":false},"product_brand":[],"product_cat":[1641],"product_tag":[],"class_list":{"0":"post-19890","1":"product","2":"type-product","3":"status-publish","4":"has-post-thumbnail","6":"product_cat-adobe","8":"first","9":"outofstock","10":"shipping-taxable","11":"product-type-simple"},"acf":[],"_links":{"self":[{"href":"https:\/\/compratucodigo.co\/index.php\/wp-json\/wp\/v2\/product\/19890","targetHints":{"allow":["GET"]}}],"collection":[{"href":"https:\/\/compratucodigo.co\/index.php\/wp-json\/wp\/v2\/product"}],"about":[{"href":"https:\/\/compratucodigo.co\/index.php\/wp-json\/wp\/v2\/types\/product"}],"wp:featuredmedia":[{"embeddable":true,"href":"https:\/\/compratucodigo.co\/index.php\/wp-json\/wp\/v2\/media\/19886"}],"wp:attachment":[{"href":"https:\/\/compratucodigo.co\/index.php\/wp-json\/wp\/v2\/media?parent=19890"}],"wp:term":[{"taxonomy":"product_brand","embeddable":true,"href":"https:\/\/compratucodigo.co\/index.php\/wp-json\/wp\/v2\/product_brand?post=19890"},{"taxonomy":"product_cat","embeddable":true,"href":"https:\/\/compratucodigo.co\/index.php\/wp-json\/wp\/v2\/product_cat?post=19890"},{"taxonomy":"product_tag","embeddable":true,"href":"https:\/\/compratucodigo.co\/index.php\/wp-json\/wp\/v2\/product_tag?post=19890"}],"curies":[{"name":"wp","href":"https:\/\/api.w.org\/{rel}","templated":true}]}}