{"id":19706,"date":"2024-06-13T17:16:36","date_gmt":"2024-06-13T22:16:36","guid":{"rendered":"https:\/\/compratucodigo.co\/?post_type=product&#038;p=19706"},"modified":"2024-07-31T11:35:39","modified_gmt":"2024-07-31T16:35:39","slug":"licencia-visual-studio-2022","status":"publish","type":"product","link":"https:\/\/compratucodigo.co\/index.php\/producto\/licencia-visual-studio-2022\/","title":{"rendered":"Licencia Visual Studio 2022"},"content":{"rendered":"<p>Visual Studio es uno de los editores de c\u00f3digo m\u00e1s populares en el mundo. Esta licencia activa la versi\u00f3n &#8220;Pro&#8221; que desbloquea todas las caracter\u00edsticas del Software.<\/p>\n<p>Visual Studio 2022, como una aplicaci\u00f3n de 64 bits, ofrece un rendimiento y escalabilidad superiores a Visual Studio 2019, mejorando la gesti\u00f3n de proyectos grandes y la utilizaci\u00f3n de memoria. Incluye una interfaz de usuario m\u00e1s moderna, mejor soporte para las \u00faltimas tecnolog\u00edas y lenguajes, herramientas de depuraci\u00f3n avanzadas, integraci\u00f3n mejorada con Git y GitHub, y capacidades avanzadas de IntelliCode basadas en inteligencia artificial. Adem\u00e1s, proporciona mejores herramientas para la colaboraci\u00f3n en equipo y el desarrollo remoto, haci\u00e9ndolo m\u00e1s adecuado para proyectos modernos y complejos.<\/p>\n<p><strong>Compatibilidad:<\/strong><\/p>\n<p>Sistemas Operativos Compatibles<\/p>\n<ul>\n<li>Windows 11<\/li>\n<li>Windows 10 versi\u00f3n 1909 o superior<\/li>\n<li>Windows Server 2016, 2019, 2022<\/li>\n<\/ul>\n<p>Hardware Recomendado<\/p>\n<ul>\n<li>Procesador: 1.8 GHz o m\u00e1s r\u00e1pido; Quad-core o mejor recomendado.<\/li>\n<li>Memoria: M\u00ednimo 4 GB de RAM; se recomiendan 8 GB (16 GB para emuladores de Android).<\/li>\n<li>Espacio en Disco: 850 MB hasta 210 GB, seg\u00fan caracter\u00edsticas instaladas.<\/li>\n<li>Resoluci\u00f3n de Pantalla: M\u00ednimo 1280 x 720; recomendado 1920 x 1080.<\/li>\n<li>Tarjeta Gr\u00e1fica: Compatible con DirectX 11 o superior.<\/li>\n<\/ul>\n<p>Software Requerido<\/p>\n<ul>\n<li>.NET Framework 4.8 o superior<\/li>\n<li>Conexi\u00f3n a Internet para descargas y actualizaciones.<\/li>\n<\/ul>\n<p><strong>Env\u00edo del producto:<\/strong><\/p>\n<p>Una vez realizado el pago o la consignaci\u00f3n, recibir\u00e1 su c\u00f3digo de licencia digital de inmediato en su correo, junto con las instrucciones de instalaci\u00f3n y la factura en caso de ser solicitada.<\/p>\n<p><strong>Nuestra Empresa:<\/strong><\/p>\n<p>Compratucodigo es una marca de 3Clics Colombia SAS, somos una empresa formal registrada en Colombia con m\u00e1s de tres a\u00f1os de experiencia en la venta de c\u00f3digos de licencia digitales. Entregamos factura y todos nuestros productos est\u00e1n garantizados por nuestra empresa.<\/p>\n<div id=\"divtags\">\n<h1>Comprar Licencia Visual Studio 2022<\/h1>\n<h1>Precio Licencia Visual Studio 2022<\/h1>\n<h1>Instalaci\u00f3n Licencia Visual Studio 2022<\/h1>\n<h1>Descargar Licencia Visual Studio 2022<\/h1>\n<h1>Activaci\u00f3n Visual Studio 2022<\/h1>\n<h1>Claves Visual Studio 2022<\/h1>\n<h1>Descuento Licencia Visual Studio 2022<\/h1>\n<h1>Ofertas Licencia Visual Studio 2022<\/h1>\n<h1>Beneficios Licencia Visual Studio 2022<\/h1>\n<h1>Actualizar Licencia Visual Studio 2022<\/h1>\n<h1>Soporte Licencia Visual Studio 2022<\/h1>\n<h1>Comparar Licencias Visual Studio 2022<\/h1>\n<h1>Requisitos Licencia Visual Studio 2022<\/h1>\n<h1>Licencia Estudiantes Visual Studio 2022<\/h1>\n<h1>Licencia Empresa Visual Studio 2022<\/h1>\n<h1>Documentaci\u00f3n Licencia Visual Studio 2022<\/h1>\n<\/div>\n","protected":false},"excerpt":{"rendered":"<p>C\u00f3digo de activaci\u00f3n para Visual Studio 2022<\/p>\n<p>Activa el software original para 1 Usuario, por tiempo indefinido.<\/p>\n<p>Activaci\u00f3n original por internet<\/p>\n<p><span style=\"color: #ff0000;\" data-darkreader-inline-color=\"\"><b>Todos nuestros productos son originales y cuentan con garant\u00eda y soporte t\u00e9cnico.<\/b><\/span><\/p>\n<p><span style=\"color: #ff0000;\" data-darkreader-inline-color=\"\"><b>Entrega inmediata directo a tu correo electr\u00f3nico junto con manual de instalaci\u00f3n.<\/b><\/span><\/p>\n","protected":false},"featured_media":19687,"template":"","meta":{"_acf_changed":false},"product_brand":[],"product_cat":[1640],"product_tag":[],"class_list":{"0":"post-19706","1":"product","2":"type-product","3":"status-publish","4":"has-post-thumbnail","6":"product_cat-editor-de-codigo","8":"first","9":"instock","10":"shipping-taxable","11":"purchasable","12":"product-type-simple"},"acf":[],"_links":{"self":[{"href":"https:\/\/compratucodigo.co\/index.php\/wp-json\/wp\/v2\/product\/19706","targetHints":{"allow":["GET"]}}],"collection":[{"href":"https:\/\/compratucodigo.co\/index.php\/wp-json\/wp\/v2\/product"}],"about":[{"href":"https:\/\/compratucodigo.co\/index.php\/wp-json\/wp\/v2\/types\/product"}],"wp:featuredmedia":[{"embeddable":true,"href":"https:\/\/compratucodigo.co\/index.php\/wp-json\/wp\/v2\/media\/19687"}],"wp:attachment":[{"href":"https:\/\/compratucodigo.co\/index.php\/wp-json\/wp\/v2\/media?parent=19706"}],"wp:term":[{"taxonomy":"product_brand","embeddable":true,"href":"https:\/\/compratucodigo.co\/index.php\/wp-json\/wp\/v2\/product_brand?post=19706"},{"taxonomy":"product_cat","embeddable":true,"href":"https:\/\/compratucodigo.co\/index.php\/wp-json\/wp\/v2\/product_cat?post=19706"},{"taxonomy":"product_tag","embeddable":true,"href":"https:\/\/compratucodigo.co\/index.php\/wp-json\/wp\/v2\/product_tag?post=19706"}],"curies":[{"name":"wp","href":"https:\/\/api.w.org\/{rel}","templated":true}]}}