{"id":19024,"date":"2023-10-02T15:22:01","date_gmt":"2023-10-02T20:22:01","guid":{"rendered":"https:\/\/compratucodigo.co\/?post_type=product&#038;p=19024"},"modified":"2024-05-31T13:00:19","modified_gmt":"2024-05-31T18:00:19","slug":"licencia-radiant-dicom-viewer-por-5-anos","status":"publish","type":"product","link":"https:\/\/compratucodigo.co\/index.php\/producto\/licencia-radiant-dicom-viewer-por-5-anos\/","title":{"rendered":"Licencia RadiANT Dicom Viewer por 5 A\u00f1os"},"content":{"rendered":"<p>RadiANT Dicom Viewer es un software utilizado por profesionales de la salud alrededor del mundo para visualizar, guardar y trabajar con imagenolog\u00eda m\u00e9dica.<\/p>\n<p>Entre otras cosas, RadiANT Dicom Viewer es capaz de abrir estudios de:<\/p>\n<p>Radiograf\u00edas digitales (CR, DX)<\/p>\n<p>Mamograf\u00edas (MG)<\/p>\n<p>Tomograf\u00edas (CT)<\/p>\n<p>Resonancias magn\u00e9ticas (MR)<\/p>\n<p>Tomograf\u00eda por emisi\u00f3n de positrones PET-CT (PT)<\/p>\n<p>Ultrasonido (US)<\/p>\n<p>Angiograf\u00eda digital (XA)<\/p>\n<p>C\u00e1mara gama, medicina nuclear (NM)<\/p>\n<p>Im\u00e1genes secundarias y escaneadas (SC)<\/p>\n<p>Structured Reports (SR)<\/p>\n<p><strong>Compatibilidad<\/strong><\/p>\n<p>Funciona en Windows 7, Windows 8, Windows 8.1, Windows 10 y Windows 11. No funciona en Mac. No posee versi\u00f3n para m\u00f3viles.<\/p>\n<p><strong>Env\u00edo<\/strong><\/p>\n<p>Tras realizar su compra, la licencia se solicita directamente a la empresa desarrolladora del software y se entrega en su correo electr\u00f3nico.<\/p>\n<p><strong>Nuestra Empresa:<\/strong><\/p>\n<p>Compratucodigo es una marca de 3Clics Colombia SAS, somos una empresa formal registrada en Colombia con m\u00e1s de tres a\u00f1os de experiencia en la venta de c\u00f3digos de licencia digitales. Entregamos factura y todos nuestros productos est\u00e1n garantizados por nuestra empresa.<\/p>\n<div id=\"divtags\">\n<h1>Licencia RadiANT Dicom Viewer por 5 A\u00f1os Colombia<\/h1>\n<h1>Software de Visualizaci\u00f3n Dicom RadiANT<\/h1>\n<h1>Adquirir Licencia RadiANT Dicom Viewer Colombia<\/h1>\n<h1>Soluci\u00f3n de Im\u00e1genes M\u00e9dicas Dicom RadiANT<\/h1>\n<h1>Comprar Licencia RadiANT Dicom Viewer por 5 A\u00f1os<\/h1>\n<h1>RadiANT Dicom Viewer para Diagn\u00f3stico M\u00e9dico<\/h1>\n<h1>Visualizador Dicom con Licencia en Colombia<\/h1>\n<h1>Acceso a RadiANT Dicom Viewer por 5 A\u00f1os<\/h1>\n<h1>Adquisici\u00f3n de Licencia RadiANT Dicom Colombia<\/h1>\n<h1>Herramienta Dicom RadiANT con Licencia Extendida<\/h1>\n<h1>Software de Visualizaci\u00f3n Radiol\u00f3gica con Licencia<\/h1>\n<h1>RadiANT Dicom Viewer para Centros de Salud<\/h1>\n<h1>Obtener Licencia Extendida para RadiANT Dicom Viewer<\/h1>\n<h1>Compatibilidad y Licencia RadiANT Dicom Colombia<\/h1>\n<h1>Mejora en Diagn\u00f3stico con RadiANT Dicom Viewer<\/h1>\n<h1>Asistencia T\u00e9cnica para Licencia RadiANT Dicom<\/h1>\n<\/div>\n","protected":false},"excerpt":{"rendered":"<p>V\u00e1lida por 5 A\u00f1os para un dispositivo<br \/>\nEntregamos factura y garant\u00eda<br \/>\nSomos distribuidores oficiales de RadiANT<br \/>\nEntrega inmediata<\/p>\n","protected":false},"featured_media":19015,"template":"","meta":{"_acf_changed":false},"product_brand":[],"product_cat":[1630,1629],"product_tag":[],"class_list":{"0":"post-19024","1":"product","2":"type-product","3":"status-publish","4":"has-post-thumbnail","6":"product_cat-radiant","7":"product_cat-software-medico","9":"first","10":"instock","11":"shipping-taxable","12":"purchasable","13":"product-type-variable","14":"has-default-attributes"},"acf":[],"_links":{"self":[{"href":"https:\/\/compratucodigo.co\/index.php\/wp-json\/wp\/v2\/product\/19024","targetHints":{"allow":["GET"]}}],"collection":[{"href":"https:\/\/compratucodigo.co\/index.php\/wp-json\/wp\/v2\/product"}],"about":[{"href":"https:\/\/compratucodigo.co\/index.php\/wp-json\/wp\/v2\/types\/product"}],"wp:featuredmedia":[{"embeddable":true,"href":"https:\/\/compratucodigo.co\/index.php\/wp-json\/wp\/v2\/media\/19015"}],"wp:attachment":[{"href":"https:\/\/compratucodigo.co\/index.php\/wp-json\/wp\/v2\/media?parent=19024"}],"wp:term":[{"taxonomy":"product_brand","embeddable":true,"href":"https:\/\/compratucodigo.co\/index.php\/wp-json\/wp\/v2\/product_brand?post=19024"},{"taxonomy":"product_cat","embeddable":true,"href":"https:\/\/compratucodigo.co\/index.php\/wp-json\/wp\/v2\/product_cat?post=19024"},{"taxonomy":"product_tag","embeddable":true,"href":"https:\/\/compratucodigo.co\/index.php\/wp-json\/wp\/v2\/product_tag?post=19024"}],"curies":[{"name":"wp","href":"https:\/\/api.w.org\/{rel}","templated":true}]}}