{"id":16673,"date":"2022-10-27T10:13:46","date_gmt":"2022-10-27T15:13:46","guid":{"rendered":"https:\/\/compratucodigo.co\/?post_type=product&#038;p=16673"},"modified":"2024-05-31T12:18:09","modified_gmt":"2024-05-31T17:18:09","slug":"windows-server-2022-datacenter","status":"publish","type":"product","link":"https:\/\/compratucodigo.co\/index.php\/producto\/windows-server-2022-datacenter\/","title":{"rendered":"Windows Server 2022 Datacenter"},"content":{"rendered":"<p>Windows Server es una versi\u00f3n de Windows dise\u00f1ada espec\u00edficamente para su uso en entornos de servidor. Aunque comparte su base con Windows, estas versiones ofrecen una mayor seguridad y caracter\u00edsticas especialmente adaptadas para un uso continuo y remoto.<\/p>\n<p>Windows Server Datacenter est\u00e1 pensada para servidores que ejecutan m\u00faltiples m\u00e1quinas virtuales. Esta licencia activa de manera digital y aut\u00e9ntica el sistema base de Windows Server. Sin embargo, no incluye licencias &#8220;Cal&#8221; ni SQL Server.<\/p>\n<p><strong>Recomendado para:<\/strong><\/p>\n<p>&#8211; Empresas que necesitan un servidor basado en Windows en lugar de uno basado en Linux.<\/p>\n<p><strong>Env\u00edo del producto:<\/strong><\/p>\n<p>Despu\u00e9s de realizar su pago o consignaci\u00f3n, recibir\u00e1 al instante en su correo electr\u00f3nico el c\u00f3digo de licencia digital, junto con las instrucciones de instalaci\u00f3n y la factura en caso de ser solicitada.<\/p>\n<p><strong>Nuestra Empresa:<\/strong><\/p>\n<p>Compratucodigo es una marca de 3Clics Colombia SAS, somos una empresa formal registrada en Colombia con m\u00e1s de tres a\u00f1os de experiencia en la venta de c\u00f3digos de licencia digitales. Entregamos factura y todos nuestros productos est\u00e1n garantizados por nuestra empresa.<\/p>\n<div id=\"divtags\">\n<h1>Windows Server 2022 Datacenter<\/h1>\n<h1>Administraci\u00f3n de servidores<\/h1>\n<h1>Virtualizaci\u00f3n en Windows Server 2022<\/h1>\n<h1>Seguridad en servidores Windows 2022<\/h1>\n<h1>Implementaci\u00f3n de roles en Windows Server 2022<\/h1>\n<h1>Optimizaci\u00f3n de rendimiento en Windows Server 2022<\/h1>\n<h1>Configuraci\u00f3n de servicios en Windows Server 2022<\/h1>\n<h1>Integraci\u00f3n con Active Directory en Windows Server 2022<\/h1>\n<h1>Actualizaciones y parches para Windows Server 2022<\/h1>\n<h1>Backups y restauraci\u00f3n en Windows Server 2022<\/h1>\n<h1>Redes y conectividad en Windows Server 2022<\/h1>\n<h1>Almacenamiento en Windows Server 2022<\/h1>\n<h1>Compatibilidad de aplicaciones en Windows Server 2022<\/h1>\n<h1>Implementaci\u00f3n de pol\u00edticas de grupo en Windows Server 2022<\/h1>\n<h1>Escalabilidad en Windows Server 2022<\/h1>\n<h1>Configuraci\u00f3n de Firewall en Windows Server 2022<\/h1>\n<\/div>\n","protected":false},"excerpt":{"rendered":"<p>Windows Server es una versi\u00f3n de Windows dise\u00f1ada espec\u00edficamente para su uso en entornos de servidor. Aunque comparte su base con Windows, estas versiones ofrecen una mayor seguridad y caracter\u00edsticas especialmente adaptadas para un uso continuo y remoto. Windows Server Datacenter est\u00e1 pensada para servidores que ejecutan m\u00faltiples m\u00e1quinas virtuales. Esta licencia activa de manera&#8230;<\/p>\n","protected":false},"featured_media":16652,"template":"","meta":{"_acf_changed":false},"product_brand":[],"product_cat":[15],"product_tag":[],"class_list":{"0":"post-16673","1":"product","2":"type-product","3":"status-publish","4":"has-post-thumbnail","6":"product_cat-licencias-windows","8":"first","9":"instock","10":"shipping-taxable","11":"purchasable","12":"product-type-simple"},"acf":[],"_links":{"self":[{"href":"https:\/\/compratucodigo.co\/index.php\/wp-json\/wp\/v2\/product\/16673","targetHints":{"allow":["GET"]}}],"collection":[{"href":"https:\/\/compratucodigo.co\/index.php\/wp-json\/wp\/v2\/product"}],"about":[{"href":"https:\/\/compratucodigo.co\/index.php\/wp-json\/wp\/v2\/types\/product"}],"wp:featuredmedia":[{"embeddable":true,"href":"https:\/\/compratucodigo.co\/index.php\/wp-json\/wp\/v2\/media\/16652"}],"wp:attachment":[{"href":"https:\/\/compratucodigo.co\/index.php\/wp-json\/wp\/v2\/media?parent=16673"}],"wp:term":[{"taxonomy":"product_brand","embeddable":true,"href":"https:\/\/compratucodigo.co\/index.php\/wp-json\/wp\/v2\/product_brand?post=16673"},{"taxonomy":"product_cat","embeddable":true,"href":"https:\/\/compratucodigo.co\/index.php\/wp-json\/wp\/v2\/product_cat?post=16673"},{"taxonomy":"product_tag","embeddable":true,"href":"https:\/\/compratucodigo.co\/index.php\/wp-json\/wp\/v2\/product_tag?post=16673"}],"curies":[{"name":"wp","href":"https:\/\/api.w.org\/{rel}","templated":true}]}}