{"id":15053,"date":"2022-04-14T20:09:21","date_gmt":"2022-04-15T00:09:21","guid":{"rendered":"https:\/\/colombia3.srtv.cl\/?post_type=product&#038;p=15053"},"modified":"2022-09-22T09:27:29","modified_gmt":"2022-09-22T14:27:29","slug":"licencia-corel-draw-essentials-2020","status":"publish","type":"product","link":"https:\/\/compratucodigo.co\/index.php\/producto\/licencia-corel-draw-essentials-2020\/","title":{"rendered":"Licencia Corel Draw Essentials 2021"},"content":{"rendered":"<p>Licencia de Activaci\u00f3n para Corel Draw Essentials 2020<br \/>\nProducto 100% original<br \/>\nIncluye el paquete b\u00e1sico de Corel 2020<br \/>\nApto para personas y empresas<br \/>\nTodos nuestros productos son originales y cuentan con garant\u00eda y soporte t\u00e9cnico.<br \/>\n<b>Entrega inmediata directo a su correo electr\u00f3nico junto con el manual de instalaci\u00f3n<\/b><\/p>\n","protected":false},"excerpt":{"rendered":"<p>Licencia de Activaci\u00f3n para Corel Draw Essentials 2020 Producto 100% original Incluye el paquete b\u00e1sico de Corel 2020 Apto para personas y empresas Todos nuestros productos son originales y cuentan con garant\u00eda y soporte t\u00e9cnico. Entrega inmediata directo a su correo electr\u00f3nico junto con el manual de instalaci\u00f3n<\/p>\n","protected":false},"featured_media":15054,"template":"","meta":{"_acf_changed":false},"product_brand":[],"product_cat":[1623],"product_tag":[],"class_list":{"0":"post-15053","1":"product","2":"type-product","3":"status-publish","4":"has-post-thumbnail","6":"product_cat-otros-softwares","8":"first","9":"instock","10":"shipping-taxable","11":"purchasable","12":"product-type-variable","13":"has-default-attributes"},"acf":[],"_links":{"self":[{"href":"https:\/\/compratucodigo.co\/index.php\/wp-json\/wp\/v2\/product\/15053","targetHints":{"allow":["GET"]}}],"collection":[{"href":"https:\/\/compratucodigo.co\/index.php\/wp-json\/wp\/v2\/product"}],"about":[{"href":"https:\/\/compratucodigo.co\/index.php\/wp-json\/wp\/v2\/types\/product"}],"wp:featuredmedia":[{"embeddable":true,"href":"https:\/\/compratucodigo.co\/index.php\/wp-json\/wp\/v2\/media\/15054"}],"wp:attachment":[{"href":"https:\/\/compratucodigo.co\/index.php\/wp-json\/wp\/v2\/media?parent=15053"}],"wp:term":[{"taxonomy":"product_brand","embeddable":true,"href":"https:\/\/compratucodigo.co\/index.php\/wp-json\/wp\/v2\/product_brand?post=15053"},{"taxonomy":"product_cat","embeddable":true,"href":"https:\/\/compratucodigo.co\/index.php\/wp-json\/wp\/v2\/product_cat?post=15053"},{"taxonomy":"product_tag","embeddable":true,"href":"https:\/\/compratucodigo.co\/index.php\/wp-json\/wp\/v2\/product_tag?post=15053"}],"curies":[{"name":"wp","href":"https:\/\/api.w.org\/{rel}","templated":true}]}}