{"id":15010,"date":"2022-04-13T18:02:01","date_gmt":"2022-04-13T22:02:01","guid":{"rendered":"https:\/\/colombia3.srtv.cl\/?post_type=product&#038;p=15010"},"modified":"2024-05-31T12:35:09","modified_gmt":"2024-05-31T17:35:09","slug":"bitefender-internet-security-3-dispositivos-por-2-anos","status":"publish","type":"product","link":"https:\/\/compratucodigo.co\/index.php\/producto\/bitefender-internet-security-3-dispositivos-por-2-anos\/","title":{"rendered":"BitDefender Internet Security 3 dispositivos por 2 a\u00f1os"},"content":{"rendered":"<p><span data-contrast=\"auto\">BitDefender Internet Security es una soluci\u00f3n de seguridad integral dise\u00f1ada para proteger a los usuarios de Internet de una amplia gama de amenazas. Con tecnolog\u00edas avanzadas de detecci\u00f3n y prevenci\u00f3n, este software ofrece protecci\u00f3n robusta contra virus, spyware, phishing y ataques de ransomware. Adem\u00e1s, incluye un firewall personalizable para controlar el acceso a la red y evitar intrusiones no autorizadas. BitDefender Internet Security tambi\u00e9n incorpora herramientas de control parental, asegurando un entorno digital seguro para los ni\u00f1os. Su tecnolog\u00eda de optimizaci\u00f3n del sistema garantiza que su dispositivo funcione de manera eficiente sin sacrificar la seguridad.<\/span><span data-ccp-props=\"{}\">\u00a0<\/span><\/p>\n<p><b><span data-contrast=\"auto\">Compatibilidad:\u00a0<\/span><\/b><span data-ccp-props=\"{}\">\u00a0<\/span><\/p>\n<p><span data-contrast=\"auto\">Este software es compatible con sistemas operativos Windows, incluyendo Windows 7 con Service Pack 1, Windows 8.1 y Windows 10. La integraci\u00f3n es fluida y est\u00e1 dise\u00f1ada para funcionar eficientemente con las \u00faltimas actualizaciones de Windows.<\/span><span data-ccp-props=\"{}\">\u00a0<\/span><\/p>\n<p><b><span data-contrast=\"auto\">Requisitos de Instalaci\u00f3n:<\/span><\/b><span data-ccp-props=\"{}\">\u00a0<\/span><\/p>\n<ul>\n<li data-leveltext=\"\uf0b7\" data-font=\"Symbol\" data-listid=\"14\" data-list-defn-props=\"{&quot;335552541&quot;:1,&quot;335559685&quot;:720,&quot;335559991&quot;:360,&quot;469769226&quot;:&quot;Symbol&quot;,&quot;469769242&quot;:[8226],&quot;469777803&quot;:&quot;left&quot;,&quot;469777804&quot;:&quot;\uf0b7&quot;,&quot;469777815&quot;:&quot;hybridMultilevel&quot;}\" aria-setsize=\"-1\" data-aria-posinset=\"2\" data-aria-level=\"1\"><span data-contrast=\"auto\">Sistema Operativo: Windows 7 con SP1, Windows 8.1, y Windows 10.<\/span><span data-ccp-props=\"{}\">\u00a0<\/span><\/li>\n<li data-leveltext=\"\uf0b7\" data-font=\"Symbol\" data-listid=\"14\" data-list-defn-props=\"{&quot;335552541&quot;:1,&quot;335559685&quot;:720,&quot;335559991&quot;:360,&quot;469769226&quot;:&quot;Symbol&quot;,&quot;469769242&quot;:[8226],&quot;469777803&quot;:&quot;left&quot;,&quot;469777804&quot;:&quot;\uf0b7&quot;,&quot;469777815&quot;:&quot;hybridMultilevel&quot;}\" aria-setsize=\"-1\" data-aria-posinset=\"3\" data-aria-level=\"1\"><span data-contrast=\"auto\">CPU: Procesador Intel CORE 2 Duo (2 GHz) o equivalente.<\/span><span data-ccp-props=\"{}\">\u00a0<\/span><\/li>\n<li data-leveltext=\"\uf0b7\" data-font=\"Symbol\" data-listid=\"14\" data-list-defn-props=\"{&quot;335552541&quot;:1,&quot;335559685&quot;:720,&quot;335559991&quot;:360,&quot;469769226&quot;:&quot;Symbol&quot;,&quot;469769242&quot;:[8226],&quot;469777803&quot;:&quot;left&quot;,&quot;469777804&quot;:&quot;\uf0b7&quot;,&quot;469777815&quot;:&quot;hybridMultilevel&quot;}\" aria-setsize=\"-1\" data-aria-posinset=\"3\" data-aria-level=\"1\"><span data-contrast=\"auto\">Memoria: M\u00ednimo de 2 GB de RAM.<\/span><span data-ccp-props=\"{}\">\u00a0<\/span><\/li>\n<li data-leveltext=\"\uf0b7\" data-font=\"Symbol\" data-listid=\"14\" data-list-defn-props=\"{&quot;335552541&quot;:1,&quot;335559685&quot;:720,&quot;335559991&quot;:360,&quot;469769226&quot;:&quot;Symbol&quot;,&quot;469769242&quot;:[8226],&quot;469777803&quot;:&quot;left&quot;,&quot;469777804&quot;:&quot;\uf0b7&quot;,&quot;469777815&quot;:&quot;hybridMultilevel&quot;}\" aria-setsize=\"-1\" data-aria-posinset=\"3\" data-aria-level=\"1\"><span data-contrast=\"auto\">Espacio en Disco: 2.5 GB de espacio libre en disco.<\/span><span data-ccp-props=\"{}\">\u00a0<\/span><\/li>\n<li data-leveltext=\"\uf0b7\" data-font=\"Symbol\" data-listid=\"14\" data-list-defn-props=\"{&quot;335552541&quot;:1,&quot;335559685&quot;:720,&quot;335559991&quot;:360,&quot;469769226&quot;:&quot;Symbol&quot;,&quot;469769242&quot;:[8226],&quot;469777803&quot;:&quot;left&quot;,&quot;469777804&quot;:&quot;\uf0b7&quot;,&quot;469777815&quot;:&quot;hybridMultilevel&quot;}\" aria-setsize=\"-1\" data-aria-posinset=\"3\" data-aria-level=\"1\"><span data-contrast=\"auto\">Internet: Se requiere conexi\u00f3n a Internet para la activaci\u00f3n del producto y actualizaciones de la base de datos de virus.<\/span><span data-ccp-props=\"{}\">\u00a0<\/span><\/li>\n<\/ul>\n<p><strong>Env\u00edo del producto:<\/strong><\/p>\n<p>Despu\u00e9s de completar su pago o consignaci\u00f3n, recibir\u00e1 de inmediato el c\u00f3digo de licencia digital en su correo electr\u00f3nico. Junto con \u00e9l, tambi\u00e9n recibir\u00e1 instrucciones detalladas para la instalaci\u00f3n y, si lo solicita, la factura correspondiente.<\/p>\n<p><strong>Nuestra Empresa:<\/strong><\/p>\n<p>Compratucodigo es una marca de 3Clics Colombia SAS, somos una empresa formal registrada en Colombia con m\u00e1s de tres a\u00f1os de experiencia en la venta de c\u00f3digos de licencia digitales. Entregamos factura y todos nuestros productos est\u00e1n garantizados por nuestra empresa.<\/p>\n<div id=\"divtags\">\n<h1>BitDefender Internet Security Colombia<\/h1>\n<h1>Protecci\u00f3n en l\u00ednea para 3 dispositivos<\/h1>\n<h1>Antivirus y seguridad para PC y dispositivos m\u00f3viles<\/h1>\n<h1>Oferta especial BitDefender Internet Security<\/h1>\n<h1>Comprar BitDefender Internet Security<\/h1>\n<h1>Protecci\u00f3n en l\u00ednea de primera calidad<\/h1>\n<h1>Seguridad inform\u00e1tica para 3 dispositivos<\/h1>\n<h1>Descuento en BitDefender Internet Security<\/h1>\n<h1>Compra segura de BitDefender Internet Security<\/h1>\n<h1>Mejor antivirus para PC en Colombia<\/h1>\n<h1>Protege tu dispositivo con BitDefender Internet Security<\/h1>\n<h1>Antivirus efectivo para PC y m\u00f3viles<\/h1>\n<h1>Seguridad en l\u00ednea confiable con BitDefender<\/h1>\n<h1>Protege tu informaci\u00f3n con BitDefender Internet Security<\/h1>\n<h1>Garantiza tu seguridad en Internet con BitDefender<\/h1>\n<h1>Protecci\u00f3n antivirus para dispositivos en Colombia<\/h1>\n<\/div>\n","protected":false},"excerpt":{"rendered":"<p>Licencia para activar 3 PC por 2 A\u00f1os<\/p>\n<p>Puede descargar el Software desde el sitio web oficial<\/p>\n<p>Apto para 64 y 32 Bits<\/p>\n<p>BitDefender Internet Security es un potente software antivirus que ofrece protecci\u00f3n integral contra amenazas en l\u00ednea, incluyendo virus, spyware y phishing. Con caracter\u00edsticas avanzadas como control parental, firewall y optimizaci\u00f3n del sistema, garantiza seguridad y rendimiento para usuarios dom\u00e9sticos. Su interfaz amigable y actualizaciones autom\u00e1ticas facilitan una experiencia de seguridad confiable y eficiente.<\/p>\n<p><span style=\"color: #ff0000;\" data-darkreader-inline-color=\"\"><b>Todos nuestros productos son originales y cuentan con garant\u00eda y soporte t\u00e9cnico.<\/b><\/span><\/p>\n<p><span style=\"color: #ff0000;\" data-darkreader-inline-color=\"\"><b>Entrega inmediata directo a tu correo electr\u00f3nico junto con manual de instalaci\u00f3n.<\/b><\/span><\/p>\n","protected":false},"featured_media":15009,"template":"","meta":{"_acf_changed":false},"product_brand":[],"product_cat":[1620,1615],"product_tag":[],"class_list":{"0":"post-15010","1":"product","2":"type-product","3":"status-publish","4":"has-post-thumbnail","6":"product_cat-antivirus-bitdefender","7":"product_cat-licencias-antivirus","9":"first","10":"instock","11":"shipping-taxable","12":"purchasable","13":"product-type-simple"},"acf":[],"_links":{"self":[{"href":"https:\/\/compratucodigo.co\/index.php\/wp-json\/wp\/v2\/product\/15010","targetHints":{"allow":["GET"]}}],"collection":[{"href":"https:\/\/compratucodigo.co\/index.php\/wp-json\/wp\/v2\/product"}],"about":[{"href":"https:\/\/compratucodigo.co\/index.php\/wp-json\/wp\/v2\/types\/product"}],"wp:featuredmedia":[{"embeddable":true,"href":"https:\/\/compratucodigo.co\/index.php\/wp-json\/wp\/v2\/media\/15009"}],"wp:attachment":[{"href":"https:\/\/compratucodigo.co\/index.php\/wp-json\/wp\/v2\/media?parent=15010"}],"wp:term":[{"taxonomy":"product_brand","embeddable":true,"href":"https:\/\/compratucodigo.co\/index.php\/wp-json\/wp\/v2\/product_brand?post=15010"},{"taxonomy":"product_cat","embeddable":true,"href":"https:\/\/compratucodigo.co\/index.php\/wp-json\/wp\/v2\/product_cat?post=15010"},{"taxonomy":"product_tag","embeddable":true,"href":"https:\/\/compratucodigo.co\/index.php\/wp-json\/wp\/v2\/product_tag?post=15010"}],"curies":[{"name":"wp","href":"https:\/\/api.w.org\/{rel}","templated":true}]}}