{"id":14968,"date":"2022-10-28T17:04:03","date_gmt":"2022-10-28T22:04:03","guid":{"rendered":"https:\/\/colombia3.srtv.cl\/?post_type=product&#038;p=14968"},"modified":"2024-05-31T12:14:37","modified_gmt":"2024-05-31T17:14:37","slug":"windows-11-pro-1-dispositivo","status":"publish","type":"product","link":"https:\/\/compratucodigo.co\/index.php\/producto\/windows-11-pro-1-dispositivo\/","title":{"rendered":"Windows 11 Pro 1 dispositivo"},"content":{"rendered":"<p>Windows 11 es la versi\u00f3n m\u00e1s reciente de Windows, que viene con numerosas mejoras en comparaci\u00f3n con Windows 10, especialmente en t\u00e9rminos de apariencia y facilidad de uso, brind\u00e1ndole un aspecto m\u00e1s moderno. Adem\u00e1s, permite ejecutar aplicaciones de Android dentro de Windows.<\/p>\n<p>Al adquirir la licencia, podr\u00e1s recibir las \u00faltimas actualizaciones y mantener tu sistema protegido contra virus y hackeos. Adem\u00e1s, te libera del molesto mensaje de &#8220;Activar Windows&#8221;.<\/p>\n<p><strong>Recomendado para:<\/strong><\/p>\n<ul>\n<li>Aquellos que compren un PC nuevo y deseen instalar el sistema m\u00e1s actualizado.<\/li>\n<li>Usuarios que vean el mensaje &#8220;Activar Windows&#8221; en la esquina inferior derecha de la pantalla.<\/li>\n<li>Empresas que tengan la versi\u00f3n &#8220;Home&#8221; y deseen adquirir una versi\u00f3n de Windows sin limitaciones de uso.<\/li>\n<li>Usuarios avanzados que requieran herramientas exclusivas disponibles solo en la versi\u00f3n Pro.<\/li>\n<li>Personas o empresas que deseen actualizar su antigua versi\u00f3n de Windows a una m\u00e1s moderna.<\/li>\n<\/ul>\n<p><strong>\u00bfPor qu\u00e9 activar Windows?<\/strong><\/p>\n<p>Activar Windows conlleva una variedad de beneficios, tales como:<\/p>\n<ul>\n<li>Acceso a las \u00faltimas actualizaciones y caracter\u00edsticas del software.<\/li>\n<li>Protecci\u00f3n contra virus.<\/li>\n<li>Algunos programas requieren que Windows est\u00e9 activado para ejecutarse.<\/li>\n<li>Descarga autom\u00e1tica de controladores y archivos del sistema.<\/li>\n<li>Prevenci\u00f3n de virus, troyanos o programas esp\u00edas que suelen venir con los cracks o activadores.<\/li>\n<\/ul>\n<p><strong>Env\u00edo del producto:<\/strong><\/p>\n<p>Despu\u00e9s de completar su pago o consignaci\u00f3n, recibir\u00e1 al instante su c\u00f3digo de licencia digital en su correo, junto con instrucciones de instalaci\u00f3n y, si as\u00ed lo solicita, la factura correspondiente.<\/p>\n<p><strong>Nuestra Empresa:<\/strong><\/p>\n<p>Compratucodigo es una marca de 3Clics Colombia SAS, somos una empresa formal registrada en Colombia con m\u00e1s de tres a\u00f1os de experiencia en la venta de c\u00f3digos de licencia digitales. Entregamos factura y todos nuestros productos est\u00e1n garantizados por nuestra empresa.<\/p>\n<div id=\"divtags\">\n<h1>Windows 11 Pro Colombia<\/h1>\n<h1>Actualizaci\u00f3n a Windows 11<\/h1>\n<h1>Caracter\u00edsticas de Windows 11 Pro<\/h1>\n<h1>Compatibilidad con Windows 11<\/h1>\n<h1>Requisitos para Windows 11 Pro<\/h1>\n<h1>Novedades de Windows 11 Pro<\/h1>\n<h1>Optimizaci\u00f3n para un dispositivo<\/h1>\n<h1>Descarga de Windows 11 Pro<\/h1>\n<h1>Instalaci\u00f3n de Windows 11 Pro<\/h1>\n<h1>Gu\u00eda de uso de Windows 11 Pro<\/h1>\n<h1>Personalizaci\u00f3n en Windows 11 Pro<\/h1>\n<h1>Seguridad en Windows 11 Pro<\/h1>\n<h1>Rendimiento en Windows 11 Pro<\/h1>\n<h1>Tecnolog\u00eda en Windows 11 Pro<\/h1>\n<h1>Mejoras en la interfaz de Windows 11 Pro<\/h1>\n<h1>Funcionalidades exclusivas de Windows 11 Pro<\/h1>\n<\/div>\n","protected":false},"excerpt":{"rendered":"<p>Licencia para Windows 11 Pro<br \/>\nSirve para instalar limpiamente Windows 11 Pro o para actualizar un sistema.<br \/>\nFunciona solo para 64 bits<br \/>\nDescarga el Software desde el sitio oficial<br \/>\nLicencia sin fecha de vencimiento. Activaci\u00f3n de por vida.<br \/>\nVersi\u00f3n &#8220;Pro&#8221; apta para empresas y personas por igual<br \/>\n<b>Todos nuestros productos son originales y cuentan con garant\u00eda y soporte t\u00e9cnico.<\/b><br \/>\nPuede formatear o cambiar el disco duro sin perder su licencia. Activaci\u00f3n permanente.<br \/>\nEntrega inmediata directo a su correo electr\u00f3nico junto con manual de instalaci\u00f3n<\/p>\n","protected":false},"featured_media":14967,"template":"","meta":{"_acf_changed":false},"product_brand":[],"product_cat":[1624,15],"product_tag":[],"class_list":{"0":"post-14968","1":"product","2":"type-product","3":"status-publish","4":"has-post-thumbnail","6":"product_cat-productos-recomendados","7":"product_cat-licencias-windows","9":"first","10":"instock","11":"featured","12":"shipping-taxable","13":"purchasable","14":"product-type-simple"},"acf":[],"_links":{"self":[{"href":"https:\/\/compratucodigo.co\/index.php\/wp-json\/wp\/v2\/product\/14968","targetHints":{"allow":["GET"]}}],"collection":[{"href":"https:\/\/compratucodigo.co\/index.php\/wp-json\/wp\/v2\/product"}],"about":[{"href":"https:\/\/compratucodigo.co\/index.php\/wp-json\/wp\/v2\/types\/product"}],"wp:featuredmedia":[{"embeddable":true,"href":"https:\/\/compratucodigo.co\/index.php\/wp-json\/wp\/v2\/media\/14967"}],"wp:attachment":[{"href":"https:\/\/compratucodigo.co\/index.php\/wp-json\/wp\/v2\/media?parent=14968"}],"wp:term":[{"taxonomy":"product_brand","embeddable":true,"href":"https:\/\/compratucodigo.co\/index.php\/wp-json\/wp\/v2\/product_brand?post=14968"},{"taxonomy":"product_cat","embeddable":true,"href":"https:\/\/compratucodigo.co\/index.php\/wp-json\/wp\/v2\/product_cat?post=14968"},{"taxonomy":"product_tag","embeddable":true,"href":"https:\/\/compratucodigo.co\/index.php\/wp-json\/wp\/v2\/product_tag?post=14968"}],"curies":[{"name":"wp","href":"https:\/\/api.w.org\/{rel}","templated":true}]}}