{"id":14960,"date":"2022-10-27T10:32:59","date_gmt":"2022-10-27T15:32:59","guid":{"rendered":"https:\/\/colombia3.srtv.cl\/?post_type=product&#038;p=14960"},"modified":"2024-05-31T12:16:09","modified_gmt":"2024-05-31T17:16:09","slug":"licencia-windows-8-1-pro","status":"publish","type":"product","link":"https:\/\/compratucodigo.co\/index.php\/producto\/licencia-windows-8-1-pro\/","title":{"rendered":"Licencia Windows 8.1 Pro"},"content":{"rendered":"<p>Windows 8.1 es una versi\u00f3n mejorada de Windows 8, dise\u00f1ada para ofrecer una mayor optimizaci\u00f3n y facilidad de uso.<\/p>\n<p>La edici\u00f3n &#8220;Profesional&#8221; est\u00e1 pensada para su uso en empresas e instituciones, e incluye caracter\u00edsticas exclusivas.<\/p>\n<p><strong>Recomendado para:<\/strong><\/p>\n<p>&#8211; Eliminar el mensaje &#8220;Activar Windows&#8221;<br \/>\n&#8211; Usuarios que necesiten utilizar software espec\u00edfico dise\u00f1ado para esta versi\u00f3n<br \/>\n&#8211; Usuarios que utilicen dispositivos que no son compatibles con Windows 10 y Windows 11<\/p>\n<p><strong>Env\u00edo del producto:<\/strong><\/p>\n<p>Despu\u00e9s de completar su pago o consignaci\u00f3n, recibir\u00e1 al instante en su correo electr\u00f3nico el c\u00f3digo de licencia digital, junto con las instrucciones de instalaci\u00f3n y la factura en caso de que la requiera.<\/p>\n<p><strong>Nuestra Empresa:<\/strong><\/p>\n<p>Compratucodigo es una marca de 3Clics Colombia SAS, somos una empresa formal registrada en Colombia con m\u00e1s de tres a\u00f1os de experiencia en la venta de c\u00f3digos de licencia digitales. Entregamos factura y todos nuestros productos est\u00e1n garantizados por nuestra empresa.<\/p>\n<div id=\"divtags\">\n<h1>Licencia Windows 8.1 Pro<\/h1>\n<h1>Licencia original Windows 8.1 Pro<\/h1>\n<h1>Comprar licencia Windows 8.1 Pro<\/h1>\n<h1>Activar Windows 8.1 Pro<\/h1>\n<h1>Clave de producto Windows 8.1 Pro<\/h1>\n<h1>Descargar Windows 8.1 Pro<\/h1>\n<h1>Precio licencia Windows 8.1 Pro<\/h1>\n<h1>Oferta Windows 8.1 Pro<\/h1>\n<h1>Actualizar a Windows 8.1 Pro<\/h1>\n<h1>Microsoft Windows 8.1 Pro<\/h1>\n<h1>Versi\u00f3n Pro Windows 8.1<\/h1>\n<h1>Caracter\u00edsticas Windows 8.1 Pro<\/h1>\n<h1>Requisitos Windows 8.1 Pro<\/h1>\n<h1>Gu\u00eda de instalaci\u00f3n Windows 8.1 Pro<\/h1>\n<h1>Soluci\u00f3n problemas Windows 8.1 Pro<\/h1>\n<h1>Soporte t\u00e9cnico Windows 8.1 Pro<\/h1>\n<\/div>\n","protected":false},"excerpt":{"rendered":"<p>Clave de activaci\u00f3n para Windows 8.1 Pro<br \/>\nSirve para mejorar un Windows 8.1 Home a un Windows 8.1 Pro<br \/>\nApta para 64 bits y 32 bits por igual<br \/>\nDescarga el Software desde el sitio oficial<br \/>\nLicencia indefinida sin fecha de vencimiento<br \/>\nVersi\u00f3n &#8220;Pro&#8221; apta para empresas y personas por igual<br \/>\nTodos nuestros productos son originales y cuentan con garant\u00eda y soporte t\u00e9cnico.<br \/>\n<b>Entrega inmediata directo a su correo electr\u00f3nico junto con manual de instalaci\u00f3n<\/b><\/p>\n","protected":false},"featured_media":14961,"template":"","meta":{"_acf_changed":false},"product_brand":[],"product_cat":[15],"product_tag":[],"class_list":{"0":"post-14960","1":"product","2":"type-product","3":"status-publish","4":"has-post-thumbnail","6":"product_cat-licencias-windows","8":"first","9":"instock","10":"shipping-taxable","11":"purchasable","12":"product-type-simple"},"acf":[],"_links":{"self":[{"href":"https:\/\/compratucodigo.co\/index.php\/wp-json\/wp\/v2\/product\/14960","targetHints":{"allow":["GET"]}}],"collection":[{"href":"https:\/\/compratucodigo.co\/index.php\/wp-json\/wp\/v2\/product"}],"about":[{"href":"https:\/\/compratucodigo.co\/index.php\/wp-json\/wp\/v2\/types\/product"}],"wp:featuredmedia":[{"embeddable":true,"href":"https:\/\/compratucodigo.co\/index.php\/wp-json\/wp\/v2\/media\/14961"}],"wp:attachment":[{"href":"https:\/\/compratucodigo.co\/index.php\/wp-json\/wp\/v2\/media?parent=14960"}],"wp:term":[{"taxonomy":"product_brand","embeddable":true,"href":"https:\/\/compratucodigo.co\/index.php\/wp-json\/wp\/v2\/product_brand?post=14960"},{"taxonomy":"product_cat","embeddable":true,"href":"https:\/\/compratucodigo.co\/index.php\/wp-json\/wp\/v2\/product_cat?post=14960"},{"taxonomy":"product_tag","embeddable":true,"href":"https:\/\/compratucodigo.co\/index.php\/wp-json\/wp\/v2\/product_tag?post=14960"}],"curies":[{"name":"wp","href":"https:\/\/api.w.org\/{rel}","templated":true}]}}