{"id":14956,"date":"2022-10-27T10:29:16","date_gmt":"2022-10-27T15:29:16","guid":{"rendered":"https:\/\/colombia3.srtv.cl\/?post_type=product&#038;p=14956"},"modified":"2024-05-31T12:17:23","modified_gmt":"2024-05-31T17:17:23","slug":"clave-de-producto-windows-7-ultimate","status":"publish","type":"product","link":"https:\/\/compratucodigo.co\/index.php\/producto\/clave-de-producto-windows-7-ultimate\/","title":{"rendered":"Clave de producto Windows 7 Ultimate"},"content":{"rendered":"<p>Windows 7 sigue siendo un sistema operativo ampliamente popular y ampliamente utilizado en todo el mundo, tanto a nivel dom\u00e9stico como empresarial, debido a su bajo consumo de recursos.<\/p>\n<p>La versi\u00f3n Ultimate es la opci\u00f3n m\u00e1s completa, ya que ofrece todas las funcionalidades de la versi\u00f3n Pro, con la excepci\u00f3n de Bitlocker y la capacidad de cambiar el idioma seg\u00fan su preferencia.<\/p>\n<p><strong>Recomendado para:<\/strong><\/p>\n<p>&#8211; Personas o empresas que se sienten m\u00e1s c\u00f3modas utilizando Windows 7 en comparaci\u00f3n con las versiones m\u00e1s contempor\u00e1neas.<\/p>\n<p>&#8211; Personas o empresas que dependen de software que solo es compatible con Windows 7.<\/p>\n<p>&#8211; Personas o empresas que necesitan proteger sus datos utilizando Bitlocker.<\/p>\n<p>&#8211; Personas o empresas que a\u00fan utilizan Windows 7 debido a limitaciones de hardware.<\/p>\n<p><strong>Env\u00edo del producto:<\/strong><\/p>\n<p>Una vez realizado su pago o consignaci\u00f3n, recibir\u00e1 al instante su c\u00f3digo de licencia digital en su correo electr\u00f3nico, junto con las instrucciones de instalaci\u00f3n y la factura en caso de que la requiera.<\/p>\n<p><strong>Nuestra Empresa:<\/strong><\/p>\n<p>Compratucodigo es una marca de 3Clics Colombia SAS, somos una empresa formal registrada en Colombia con m\u00e1s de tres a\u00f1os de experiencia en la venta de c\u00f3digos de licencia digitales. Entregamos factura y todos nuestros productos est\u00e1n garantizados por nuestra empresa.<\/p>\n<div id=\"divtags\">\n<h1>Clave de producto Windows 7 Ultimate<\/h1>\n<h1>Serial Windows 7 Ultimate<\/h1>\n<h1>Activaci\u00f3n Windows 7 Ultimate<\/h1>\n<h1>Crack Windows 7 Ultimate<\/h1>\n<h1>Key Windows 7 Ultimate<\/h1>\n<h1>Generador de claves Windows 7 Ultimate<\/h1>\n<h1>C\u00f3digo de activaci\u00f3n Windows 7 Ultimate<\/h1>\n<h1>C\u00f3digo de licencia Windows 7 Ultimate<\/h1>\n<h1>Obtener clave Windows 7 Ultimate<\/h1>\n<h1>Descargar Windows 7 Ultimate keygen<\/h1>\n<h1>Windows 7 Ultimate 32 bits clave de producto<\/h1>\n<h1>Windows 7 Ultimate 64 bits clave de producto<\/h1>\n<h1>Compra clave de producto Windows 7 Ultimate<\/h1>\n<h1>Revisi\u00f3n de clave Windows 7 Ultimate<\/h1>\n<h1>Gu\u00eda de activaci\u00f3n Windows 7 Ultimate<\/h1>\n<h1>C\u00f3mo obtener clave Windows 7 Ultimate<\/h1>\n<\/div>\n","protected":false},"excerpt":{"rendered":"<p>Clave de activaci\u00f3n para Windows 7 Ultimate<br \/>\nApta para 64 bits y 32 bits<br \/>\nDescarga el Software desde el sitio oficial<br \/>\nLicencia indefinida sin fecha de vencimiento<br \/>\nVersi\u00f3n Ultimate apta para empresas y personas por igual<br \/>\nTodos nuestros productos son originales y cuentan con garant\u00eda y soporte t\u00e9cnico.<br \/>\n<b>Entrega inmediata directo a su correo electr\u00f3nico junto con manual de instalaci\u00f3n<\/b><\/p>\n","protected":false},"featured_media":14957,"template":"","meta":{"_acf_changed":false},"product_brand":[],"product_cat":[15],"product_tag":[],"class_list":{"0":"post-14956","1":"product","2":"type-product","3":"status-publish","4":"has-post-thumbnail","6":"product_cat-licencias-windows","8":"first","9":"instock","10":"shipping-taxable","11":"purchasable","12":"product-type-simple"},"acf":[],"_links":{"self":[{"href":"https:\/\/compratucodigo.co\/index.php\/wp-json\/wp\/v2\/product\/14956","targetHints":{"allow":["GET"]}}],"collection":[{"href":"https:\/\/compratucodigo.co\/index.php\/wp-json\/wp\/v2\/product"}],"about":[{"href":"https:\/\/compratucodigo.co\/index.php\/wp-json\/wp\/v2\/types\/product"}],"wp:featuredmedia":[{"embeddable":true,"href":"https:\/\/compratucodigo.co\/index.php\/wp-json\/wp\/v2\/media\/14957"}],"wp:attachment":[{"href":"https:\/\/compratucodigo.co\/index.php\/wp-json\/wp\/v2\/media?parent=14956"}],"wp:term":[{"taxonomy":"product_brand","embeddable":true,"href":"https:\/\/compratucodigo.co\/index.php\/wp-json\/wp\/v2\/product_brand?post=14956"},{"taxonomy":"product_cat","embeddable":true,"href":"https:\/\/compratucodigo.co\/index.php\/wp-json\/wp\/v2\/product_cat?post=14956"},{"taxonomy":"product_tag","embeddable":true,"href":"https:\/\/compratucodigo.co\/index.php\/wp-json\/wp\/v2\/product_tag?post=14956"}],"curies":[{"name":"wp","href":"https:\/\/api.w.org\/{rel}","templated":true}]}}