{"id":14940,"date":"2022-04-13T16:42:44","date_gmt":"2022-04-13T20:42:44","guid":{"rendered":"https:\/\/colombia3.srtv.cl\/?post_type=product&#038;p=14940"},"modified":"2024-11-19T15:55:25","modified_gmt":"2024-11-19T20:55:25","slug":"licencia-office-365-5-dispositivos","status":"publish","type":"product","link":"https:\/\/compratucodigo.co\/index.php\/producto\/licencia-office-365-5-dispositivos\/","title":{"rendered":"Licencia Office 365 5 dispositivos"},"content":{"rendered":"<p>Esta edici\u00f3n de Office 365, tambi\u00e9n conocida como Microsoft 365, es un servicio de suscripci\u00f3n que te permite utilizar el software de Office en hasta cinco computadoras (Windows o Mac), cinco celulares y cinco tablets.<\/p>\n<p>Incluye todos los programas de Office, a excepci\u00f3n de Visio y Project.<\/p>\n<p>Este producto se actualiza autom\u00e1ticamente, garantizando que siempre tengas la \u00faltima versi\u00f3n disponible instalada.<\/p>\n<p>No incluye OneDrive, si necesita utilizar ese servicio, prefiera <span style=\"color: #ff0000;\" data-darkreader-inline-color=\"\"><a style=\"color: #ff0000;\" href=\"https:\/\/compratucodigo.co\/index.php\/producto\/microsoft-365-personal-5-dispositivos-por-1-ano\/\" data-darkreader-inline-color=\"\">Microsoft 365 Personal<\/a><\/span><\/p>\n<p><strong>Recomendado para:<\/strong><\/p>\n<ul>\n<li>Usuarios que necesiten Office para uso familiar, ya que por tan solo 77032 pesos podr\u00e1n activar Office tanto para ellos como para sus hijos o parientes.<\/li>\n<li>Usuarios que busquen activar Office de manera econ\u00f3mica.<\/li>\n<li>Personas que utilicen Office en varios dispositivos.<\/li>\n<\/ul>\n<p><strong>Env\u00edo del producto:<\/strong><\/p>\n<p>Una vez realizado el pago o la consignaci\u00f3n, recibir\u00e1s al instante tu c\u00f3digo de licencia digital en tu correo, junto con las instrucciones de instalaci\u00f3n y, si lo solicitas, la factura.<\/p>\n<p><strong>Nuestra Empresa:<\/strong><\/p>\n<p>Compratucodigo es una marca de 3Clics Colombia SAS, somos una empresa formal registrada en Colombia con m\u00e1s de tres a\u00f1os de experiencia en la venta de c\u00f3digos de licencia digitales. Entregamos factura y todos nuestros productos est\u00e1n garantizados por nuestra empresa.<\/p>\n<div id=\"divtags\">\n<h1>Licencia Office 365 5 dispositivos<\/h1>\n<h1>Oferta Office 365 5 dispositivos<\/h1>\n<h1>Compatibilidad Office 365 5 dispositivos<\/h1>\n<h1>Beneficios Office 365 5 dispositivos<\/h1>\n<h1>Compra Office 365 para 5 dispositivos<\/h1>\n<h1>Comparativa Office 365 5 dispositivos<\/h1>\n<h1>Funcionalidades Office 365 5 dispositivos<\/h1>\n<h1>Planes Office 365 5 dispositivos<\/h1>\n<h1>Configuraci\u00f3n Office 365 5 dispositivos<\/h1>\n<h1>Precio Office 365 para 5 dispositivos<\/h1>\n<h1>Microsoft 365 5 dispositivos<\/h1>\n<h1>Instalaci\u00f3n Office 365 5 dispositivos<\/h1>\n<h1>Renovaci\u00f3n Office 365 5 dispositivos<\/h1>\n<h1>Seguridad Office 365 5 dispositivos<\/h1>\n<h1>Soporte t\u00e9cnico Office 365 5 dispositivos<\/h1>\n<h1>Tutorial Office 365 5 dispositivos<\/h1>\n<\/div>\n","protected":false},"excerpt":{"rendered":"<p>Cuenta de Office 365 para cinco dispositivos<br \/>\nDuraci\u00f3n de 1 a\u00f1o a partir de la fecha de activaci\u00f3n<br \/>\nIncluye Word, Excel, Powerpoint, Publisher, Access, Outlook y OneNote.<br \/>\nApto para sistemas de 32 y 64 bits.<br \/>\nFunciona tanto en Windows como en Mac.<br \/>\nFunciona tambi\u00e9n en m\u00f3viles iOS y Android.<br \/>\nPuede usarla en hasta cinco PC\/MAC m\u00e1s cinco m\u00f3viles.<br \/>\nSirve para activar el Office pre-instalado en su computador<br \/>\nTodos nuestros productos son originales y cuentan con garant\u00eda y soporte t\u00e9cnico.<br \/>\n<b>Entrega inmediata directo a su correo electr\u00f3nico junto con manual de instalaci\u00f3n<\/b><\/p>\n","protected":false},"featured_media":14941,"template":"","meta":{"_acf_changed":false},"product_brand":[],"product_cat":[1614,1624],"product_tag":[],"class_list":{"0":"post-14940","1":"product","2":"type-product","3":"status-publish","4":"has-post-thumbnail","6":"product_cat-licencias-office","7":"product_cat-productos-recomendados","9":"first","10":"instock","11":"featured","12":"shipping-taxable","13":"purchasable","14":"product-type-simple"},"acf":[],"_links":{"self":[{"href":"https:\/\/compratucodigo.co\/index.php\/wp-json\/wp\/v2\/product\/14940","targetHints":{"allow":["GET"]}}],"collection":[{"href":"https:\/\/compratucodigo.co\/index.php\/wp-json\/wp\/v2\/product"}],"about":[{"href":"https:\/\/compratucodigo.co\/index.php\/wp-json\/wp\/v2\/types\/product"}],"wp:featuredmedia":[{"embeddable":true,"href":"https:\/\/compratucodigo.co\/index.php\/wp-json\/wp\/v2\/media\/14941"}],"wp:attachment":[{"href":"https:\/\/compratucodigo.co\/index.php\/wp-json\/wp\/v2\/media?parent=14940"}],"wp:term":[{"taxonomy":"product_brand","embeddable":true,"href":"https:\/\/compratucodigo.co\/index.php\/wp-json\/wp\/v2\/product_brand?post=14940"},{"taxonomy":"product_cat","embeddable":true,"href":"https:\/\/compratucodigo.co\/index.php\/wp-json\/wp\/v2\/product_cat?post=14940"},{"taxonomy":"product_tag","embeddable":true,"href":"https:\/\/compratucodigo.co\/index.php\/wp-json\/wp\/v2\/product_tag?post=14940"}],"curies":[{"name":"wp","href":"https:\/\/api.w.org\/{rel}","templated":true}]}}