{"id":14935,"date":"2022-04-13T16:37:39","date_gmt":"2022-04-13T20:37:39","guid":{"rendered":"https:\/\/colombia3.srtv.cl\/?post_type=product&#038;p=14935"},"modified":"2024-05-31T12:07:29","modified_gmt":"2024-05-31T17:07:29","slug":"licencia-office-2019-professional-plus","status":"publish","type":"product","link":"https:\/\/compratucodigo.co\/index.php\/producto\/licencia-office-2019-professional-plus\/","title":{"rendered":"Licencia Office 2019 Professional Plus"},"content":{"rendered":"<p>Office 2019 Professional Plus es la \u00faltima versi\u00f3n de Office que no requiere renovaci\u00f3n, a diferencia de Office 365.<\/p>\n<p>Esta edici\u00f3n incluye todos los programas habituales como Excel, Outlook, Access, PowerPoint, Word, Publisher, OneNote y adem\u00e1s ofrece un uso ilimitado sin restricciones.<\/p>\n<p><strong>Recomendado para:<\/strong><\/p>\n<p>&#8211; Personas u organizaciones que no disponen de suficientes recursos para renovar una suscripci\u00f3n anual.<\/p>\n<p>&#8211; Usuarios que solo utilizan un ordenador o dispositivo y no necesitan sincronizaci\u00f3n simult\u00e1nea en varios.<\/p>\n<p>&#8211; Usuarios que buscan una activaci\u00f3n \u00fanica que dure toda la vida.<\/p>\n<p>&#8211; Usuarios apasionados y profesionales que requieren el m\u00e1ximo rendimiento y funcionalidad de Office (licencia original y versi\u00f3n profesional plus) sin asumir costos de mantenimiento anual.<\/p>\n<p><strong>Env\u00edo del producto:<\/strong><\/p>\n<p>Una vez realizado el pago o la consignaci\u00f3n, recibir\u00e1 su c\u00f3digo de licencia digital de inmediato en su correo, junto con las instrucciones de instalaci\u00f3n y la factura en caso de ser solicitada.<\/p>\n<p><strong>Nuestra Empresa:<\/strong><\/p>\n<p>Compratucodigo es una marca de 3Clics Colombia SAS, somos una empresa formal registrada en Colombia con m\u00e1s de tres a\u00f1os de experiencia en la venta de c\u00f3digos de licencia digitales. Entregamos factura y todos nuestros productos est\u00e1n garantizados por nuestra empresa.<\/p>\n<div id=\"divtags\">\n<h1>Licencia Office 2019 Professional Plus Colombia<\/h1>\n<h1>Compra Office 2019 Professional Plus<\/h1>\n<h1>Oferta de Licencia Office 2019 Professional Plus<\/h1>\n<h1>Descargar Office 2019 Professional Plus<\/h1>\n<h1>Microsoft Office 2019 en Colombia<\/h1>\n<h1>Office 2019 Professional Plus en espa\u00f1ol<\/h1>\n<h1>Activar Office 2019 en Colombia<\/h1>\n<h1>Comparar Office 2019 Professional Plus<\/h1>\n<h1>Mejor precio Office 2019 Colombia<\/h1>\n<h1>Software Office 2019 Professional Plus<\/h1>\n<h1>Caracter\u00edsticas Office 2019 Professional Plus<\/h1>\n<h1>Gu\u00eda de instalaci\u00f3n Office 2019 Colombia<\/h1>\n<h1>Compatibilidad Office 2019 Professional Plus<\/h1>\n<h1>Rese\u00f1as Office 2019 Professional Plus en Colombia<\/h1>\n<h1>Tutorial Office 2019 Professional Plus<\/h1>\n<h1>Soporte t\u00e9cnico Office 2019 Colombia<\/h1>\n<\/div>\n","protected":false},"excerpt":{"rendered":"<p>Licencia para activar el Office 2019 Professional Plus<br \/>\nEs v\u00e1lida para un usuario<br \/>\nPermite utilizar una cuenta de usuario personalizada<br \/>\nLicencia &#8220;Pro&#8221; apta para personas y empresas.<br \/>\nEs v\u00e1lida de por vida, no tiene fecha de vencimiento.<br \/>\nIncluye: Word, Excel, Powerpoint, Outlook, Access, Publisher, OneNote<br \/>\nTodos nuestros productos son originales y cuentan con garant\u00eda y soporte t\u00e9cnico.<br \/>\n<b>Entrega inmediata directo a su correo electr\u00f3nico junto con manual de instalaci\u00f3n<\/b><\/p>\n","protected":false},"featured_media":14936,"template":"","meta":{"_acf_changed":false},"product_brand":[],"product_cat":[1614,1624],"product_tag":[],"class_list":{"0":"post-14935","1":"product","2":"type-product","3":"status-publish","4":"has-post-thumbnail","6":"product_cat-licencias-office","7":"product_cat-productos-recomendados","9":"first","10":"instock","11":"featured","12":"shipping-taxable","13":"purchasable","14":"product-type-simple"},"acf":[],"_links":{"self":[{"href":"https:\/\/compratucodigo.co\/index.php\/wp-json\/wp\/v2\/product\/14935","targetHints":{"allow":["GET"]}}],"collection":[{"href":"https:\/\/compratucodigo.co\/index.php\/wp-json\/wp\/v2\/product"}],"about":[{"href":"https:\/\/compratucodigo.co\/index.php\/wp-json\/wp\/v2\/types\/product"}],"wp:featuredmedia":[{"embeddable":true,"href":"https:\/\/compratucodigo.co\/index.php\/wp-json\/wp\/v2\/media\/14936"}],"wp:attachment":[{"href":"https:\/\/compratucodigo.co\/index.php\/wp-json\/wp\/v2\/media?parent=14935"}],"wp:term":[{"taxonomy":"product_brand","embeddable":true,"href":"https:\/\/compratucodigo.co\/index.php\/wp-json\/wp\/v2\/product_brand?post=14935"},{"taxonomy":"product_cat","embeddable":true,"href":"https:\/\/compratucodigo.co\/index.php\/wp-json\/wp\/v2\/product_cat?post=14935"},{"taxonomy":"product_tag","embeddable":true,"href":"https:\/\/compratucodigo.co\/index.php\/wp-json\/wp\/v2\/product_tag?post=14935"}],"curies":[{"name":"wp","href":"https:\/\/api.w.org\/{rel}","templated":true}]}}