{"id":14930,"date":"2022-04-13T16:33:29","date_gmt":"2022-04-13T20:33:29","guid":{"rendered":"https:\/\/colombia3.srtv.cl\/?post_type=product&#038;p=14930"},"modified":"2024-05-31T12:09:00","modified_gmt":"2024-05-31T17:09:00","slug":"licencia-office-2016-professional-plus","status":"publish","type":"product","link":"https:\/\/compratucodigo.co\/index.php\/producto\/licencia-office-2016-professional-plus\/","title":{"rendered":"Licencia Office 2016 Professional Plus"},"content":{"rendered":"<p>Office 2016 Professional Plus es la versi\u00f3n m\u00e1s completa de la suite Office.<\/p>\n<p>Incluye todos los programas principales: Word, Excel, Publisher, OneNote, Outlook, PowerPoint y Access. Adem\u00e1s, no tiene restricciones de tiempo de uso.<\/p>\n<p>Es la elecci\u00f3n ideal para usuarios profesionales con a\u00f1os de experiencia trabajando con esta versi\u00f3n.<\/p>\n<p><strong>Recomendado para:<\/strong><\/p>\n<p>&#8211; Usuarios profesionales que se han familiarizado con esta versi\u00f3n y prefieren mantenerla sin actualizar.<\/p>\n<p>&#8211; Empresas que necesitan una suite Office altamente compatible y que operen en equipos con sistemas operativos m\u00e1s antiguos, donde Office 2019 puede presentar limitaciones de compatibilidad.<\/p>\n<p>&#8211; Profesionales y entusiastas que requieren Office 2016 debido a su compatibilidad con sus herramientas de trabajo espec\u00edficas.<\/p>\n<p>&#8211; Personas que buscan las ventajas de contar con una licencia original.<\/p>\n<p><strong>Env\u00edo del producto:<\/strong><\/p>\n<p>Despu\u00e9s de completar su pago o consignaci\u00f3n, recibir\u00e1 su c\u00f3digo de licencia digital de inmediato en su correo electr\u00f3nico, junto con las instrucciones para la instalaci\u00f3n y la factura si as\u00ed lo solicita.<\/p>\n<p><strong>Nuestra Empresa:<\/strong><\/p>\n<p>Compratucodigo es una marca de 3Clics Colombia SAS, somos una empresa formal registrada en Colombia con m\u00e1s de tres a\u00f1os de experiencia en la venta de c\u00f3digos de licencia digitales. Entregamos factura y todos nuestros productos est\u00e1n garantizados por nuestra empresa.<\/p>\n<div id=\"divtags\">\n<h1>Licencia Office 2016 Professional Plus en Colombia<\/h1>\n<h1>Office 2016 Professional Plus para empresas<\/h1>\n<h1>Compra de licencia Office 2016 en Colombia<\/h1>\n<h1>Ofertas en licencia Office 2016 Professional Plus<\/h1>\n<h1>Microsoft Office 2016 en Colombia<\/h1>\n<h1>Adquiere Office 2016 Professional Plus<\/h1>\n<h1>Licenciamiento de Office 2016 para negocios<\/h1>\n<h1>Beneficios de Office 2016 Professional Plus<\/h1>\n<h1>Software Office 2016 en espa\u00f1ol<\/h1>\n<h1>Microsoft 2016 Professional Plus en Colombia<\/h1>\n<h1>Activaci\u00f3n de Office 2016 Professional Plus<\/h1>\n<h1>Requisitos para instalar Office 2016<\/h1>\n<h1>Tutorial de instalaci\u00f3n de Office 2016<\/h1>\n<h1>Precios de licencia Office 2016 en Colombia<\/h1>\n<h1>Actualizaci\u00f3n a Office 2016 Professional Plus<\/h1>\n<h1>Compatibilidad de Office 2016 en Colombia<\/h1>\n<\/div>\n","protected":false},"excerpt":{"rendered":"<p>Licencia para activar el Office 2016 Professional Plus<br \/>\nEs v\u00e1lida para un usuario<br \/>\nPermite utilizar una cuenta de usuario personalizada<br \/>\nLicencia &#8220;Pro&#8221; apta para personas y empresas.<br \/>\nEs v\u00e1lida de por vida, no tiene fecha de vencimiento.<br \/>\nIncluye: Word, Excel, Powerpoint, Outlook, Access, Publisher, OneNote<br \/>\nTodos nuestros productos son originales y cuentan con garant\u00eda y soporte t\u00e9cnico.<br \/>\n<b>Entrega inmediata directo a su correo electr\u00f3nico junto con manual de instalaci\u00f3n<\/b><\/p>\n","protected":false},"featured_media":14931,"template":"","meta":{"_acf_changed":false},"product_brand":[],"product_cat":[1614],"product_tag":[],"class_list":{"0":"post-14930","1":"product","2":"type-product","3":"status-publish","4":"has-post-thumbnail","6":"product_cat-licencias-office","8":"first","9":"instock","10":"shipping-taxable","11":"purchasable","12":"product-type-simple"},"acf":[],"_links":{"self":[{"href":"https:\/\/compratucodigo.co\/index.php\/wp-json\/wp\/v2\/product\/14930","targetHints":{"allow":["GET"]}}],"collection":[{"href":"https:\/\/compratucodigo.co\/index.php\/wp-json\/wp\/v2\/product"}],"about":[{"href":"https:\/\/compratucodigo.co\/index.php\/wp-json\/wp\/v2\/types\/product"}],"wp:featuredmedia":[{"embeddable":true,"href":"https:\/\/compratucodigo.co\/index.php\/wp-json\/wp\/v2\/media\/14931"}],"wp:attachment":[{"href":"https:\/\/compratucodigo.co\/index.php\/wp-json\/wp\/v2\/media?parent=14930"}],"wp:term":[{"taxonomy":"product_brand","embeddable":true,"href":"https:\/\/compratucodigo.co\/index.php\/wp-json\/wp\/v2\/product_brand?post=14930"},{"taxonomy":"product_cat","embeddable":true,"href":"https:\/\/compratucodigo.co\/index.php\/wp-json\/wp\/v2\/product_cat?post=14930"},{"taxonomy":"product_tag","embeddable":true,"href":"https:\/\/compratucodigo.co\/index.php\/wp-json\/wp\/v2\/product_tag?post=14930"}],"curies":[{"name":"wp","href":"https:\/\/api.w.org\/{rel}","templated":true}]}}